{"id":67514,"date":"2023-04-18T07:40:00","date_gmt":"2023-04-18T05:40:00","guid":{"rendered":"https:\/\/www.deinadieu.ch\/faq\/come-posso-revocare-una-procura\/"},"modified":"2024-06-19T08:30:19","modified_gmt":"2024-06-19T06:30:19","slug":"come-posso-revocare-una-procura","status":"publish","type":"da_faq","link":"https:\/\/www.deinadieu.ch\/it\/faq\/come-posso-revocare-una-procura\/","title":{"rendered":"Come si pu\u00f2 revocare una procura?"},"content":{"rendered":"\n<p>Voglio ritirare un&#8217;autorizzazione gi\u00e0 rilasciata. Come si revoca una procura?<\/p>\n\n<!--more-->\n\n<p>La <strong>revoca di una procura da parte del mandante \u00e8 ammessa in qualsiasi momento e non richiede alcuna motivazione<\/strong>. La revoca pu\u00f2 essere effettuata in qualsiasi forma e deve solo essere portata a conoscenza del rappresentante autorizzato. Per motivi di prova, tuttavia, \u00e8 consigliabile mettere la cancellazione per iscritto. <\/p>\n\n<p>L&#8217;autorizzazione pu\u00f2 essere revocata <strong>in tutto o in parte<\/strong>. In quest&#8217;ultimo caso, si ottiene solo una limitazione della procura. Se la procura \u00e8 stata redatta per iscritto, il rappresentante autorizzato \u00e8 tenuto a restituire il documento di procura o a depositarlo in tribunale.<\/p>\n\n<p><meta charset=\"utf-8\"\/><strong>Per saperne di pi\u00f9<\/strong>:<br\/><a href=\"https:\/\/www.deinadieu.ch\/faq\/wie-kann-ich-mein-testament-widerrufen\/\">Come posso revocare il mio testamento?<\/a><br\/><a href=\"https:\/\/www.deinadieu.ch\/it\/guida\/la-procura-in-nome-e-per-conto-di-terzi\/\">Che cos&#8217;\u00e8 una procura?<\/a><br\/><a href=\"https:\/\/www.deinadieu.ch\/ratgeber\/unterschied-vollmacht-patientenverfugung\/\">La differenza tra una procura e una direttiva del paziente<\/a><\/p>\n\n<div style=\"height:40px\" aria-hidden=\"true\" class=\"wp-block-spacer\"><\/div>\n\n<div class=\"wp-block-buttons is-layout-flex wp-block-buttons-is-layout-flex\">\n<div class=\"wp-block-button\"><a class=\"wp-block-button__link wp-element-button\" href=\"https:\/\/app.deinadieu.ch\/#\/patientenverfuegung\">Creare direttiva del paziente<\/a><\/div>\n\n\n\n<div class=\"wp-block-button\"><a class=\"wp-block-button__link wp-element-button\" href=\"https:\/\/www.deinadieu.ch\/it\/mandato-precauzionale\/\">Creare mandato precauzionale<\/a><\/div>\n<\/div>\n","protected":false},"author":4998,"parent":0,"comment_status":"open","ping_status":"closed","template":"","da_faq_categories":[1315,1316],"class_list":["post-67514","da_faq","type-da_faq","status-publish","hentry","da_faq_categories-patientenverfuegung","da_faq_categories-vorsorgeauftrag"],"acf":[],"yoast_head":"<title>Come si pu\u00f2 revocare una procura? | DeinAdieu.ch<\/title>\n<meta name=\"description\" content=\"FAQ su pianificazione successoria, testamento, testamento biologico, direttive anticipate e inclusione di un ente di beneficenza in un testamento.\" \/>\n<meta name=\"robots\" content=\"index, follow, max-snippet:-1, max-image-preview:large, max-video-preview:-1\" \/>\n<link rel=\"canonical\" href=\"https:\/\/www.deinadieu.ch\/it\/faq\/come-posso-revocare-una-procura\/\" \/>\n<meta property=\"og:locale\" content=\"it_IT\" \/>\n<meta property=\"og:type\" content=\"article\" \/>\n<meta property=\"og:title\" content=\"Come si pu\u00f2 revocare una procura?\" \/>\n<meta property=\"og:description\" content=\"Voglio ritirare un&#039;autorizzazione gi\u00e0 rilasciata. Come si revoca una procura? La revoca di una procura da parte del mandante \u00e8 ammessa in qualsiasi\" \/>\n<meta property=\"og:url\" content=\"https:\/\/www.deinadieu.ch\/it\/faq\/come-posso-revocare-una-procura\/\" \/>\n<meta property=\"og:site_name\" content=\"DeinAdieu.ch\" \/>\n<meta property=\"article:publisher\" content=\"https:\/\/www.facebook.com\/deinadieu\" \/>\n<meta property=\"article:modified_time\" content=\"2024-06-19T06:30:19+00:00\" \/>\n<meta name=\"twitter:card\" content=\"summary_large_image\" \/>\n<meta name=\"twitter:site\" content=\"@DeinAdieu\" \/>\n<meta name=\"twitter:label1\" content=\"Est. reading time\" \/>\n\t<meta name=\"twitter:data1\" content=\"1 minute\" \/>\n<script type=\"application\/ld+json\" class=\"yoast-schema-graph\">{\"@context\":\"https:\\\/\\\/schema.org\",\"@graph\":[{\"@type\":\"WebPage\",\"@id\":\"https:\\\/\\\/www.deinadieu.ch\\\/it\\\/faq\\\/come-posso-revocare-una-procura\\\/\",\"url\":\"https:\\\/\\\/www.deinadieu.ch\\\/it\\\/faq\\\/come-posso-revocare-una-procura\\\/\",\"name\":\"Come si pu\u00f2 revocare una procura? | DeinAdieu.ch\",\"isPartOf\":{\"@id\":\"https:\\\/\\\/www.deinadieu.ch\\\/it\\\/#website\"},\"datePublished\":\"2023-04-18T05:40:00+00:00\",\"dateModified\":\"2024-06-19T06:30:19+00:00\",\"description\":\"FAQ su pianificazione successoria, testamento, testamento biologico, direttive anticipate e inclusione di un ente di beneficenza in un testamento.\",\"breadcrumb\":{\"@id\":\"https:\\\/\\\/www.deinadieu.ch\\\/it\\\/faq\\\/come-posso-revocare-una-procura\\\/#breadcrumb\"},\"inLanguage\":\"it-IT\",\"potentialAction\":[{\"@type\":\"ReadAction\",\"target\":[\"https:\\\/\\\/www.deinadieu.ch\\\/it\\\/faq\\\/come-posso-revocare-una-procura\\\/\"]}]},{\"@type\":\"BreadcrumbList\",\"@id\":\"https:\\\/\\\/www.deinadieu.ch\\\/it\\\/faq\\\/come-posso-revocare-una-procura\\\/#breadcrumb\",\"itemListElement\":[{\"@type\":\"ListItem\",\"position\":1,\"name\":\"Home\",\"item\":\"https:\\\/\\\/www.deinadieu.ch\\\/it\\\/deinadieu-dialog-und-serviceportal-zum-lebensende\\\/\"},{\"@type\":\"ListItem\",\"position\":2,\"name\":\"FAQ's\",\"item\":\"https:\\\/\\\/www.deinadieu.ch\\\/it\\\/faq\\\/\"},{\"@type\":\"ListItem\",\"position\":3,\"name\":\"Come si pu\u00f2 revocare una procura?\"}]},{\"@type\":\"WebSite\",\"@id\":\"https:\\\/\\\/www.deinadieu.ch\\\/it\\\/#website\",\"url\":\"https:\\\/\\\/www.deinadieu.ch\\\/it\\\/\",\"name\":\"DeinAdieu.ch\",\"description\":\"Testament, Patientenverf\u00fcgung und Vorsorgeauftrag\",\"publisher\":{\"@id\":\"https:\\\/\\\/www.deinadieu.ch\\\/it\\\/#organization\"},\"potentialAction\":[{\"@type\":\"SearchAction\",\"target\":{\"@type\":\"EntryPoint\",\"urlTemplate\":\"https:\\\/\\\/www.deinadieu.ch\\\/it\\\/?s={search_term_string}\"},\"query-input\":{\"@type\":\"PropertyValueSpecification\",\"valueRequired\":true,\"valueName\":\"search_term_string\"}}],\"inLanguage\":\"it-IT\"},{\"@type\":\"Organization\",\"@id\":\"https:\\\/\\\/www.deinadieu.ch\\\/it\\\/#organization\",\"name\":\"EMNA Web GmbH\",\"url\":\"https:\\\/\\\/www.deinadieu.ch\\\/it\\\/\",\"logo\":{\"@type\":\"ImageObject\",\"inLanguage\":\"it-IT\",\"@id\":\"https:\\\/\\\/www.deinadieu.ch\\\/it\\\/#\\\/schema\\\/logo\\\/image\\\/\",\"url\":\"https:\\\/\\\/www.deinadieu.ch\\\/wp-content\\\/uploads\\\/2016\\\/01\\\/DeinAdieu_Logo.png\",\"contentUrl\":\"https:\\\/\\\/www.deinadieu.ch\\\/wp-content\\\/uploads\\\/2016\\\/01\\\/DeinAdieu_Logo.png\",\"width\":300,\"height\":117,\"caption\":\"EMNA Web GmbH\"},\"image\":{\"@id\":\"https:\\\/\\\/www.deinadieu.ch\\\/it\\\/#\\\/schema\\\/logo\\\/image\\\/\"},\"sameAs\":[\"https:\\\/\\\/www.facebook.com\\\/deinadieu\",\"https:\\\/\\\/x.com\\\/DeinAdieu\",\"https:\\\/\\\/www.instagram.com\\\/deinadieu\\\/\",\"https:\\\/\\\/www.linkedin.com\\\/company\\\/deinadieu.ch\"]}]}<\/script>","yoast_head_json":{"title":"Come si pu\u00f2 revocare una procura? | DeinAdieu.ch","description":"FAQ su pianificazione successoria, testamento, testamento biologico, direttive anticipate e inclusione di un ente di beneficenza in un testamento.","robots":{"index":"index","follow":"follow","max-snippet":"max-snippet:-1","max-image-preview":"max-image-preview:large","max-video-preview":"max-video-preview:-1"},"canonical":"https:\/\/www.deinadieu.ch\/it\/faq\/come-posso-revocare-una-procura\/","og_locale":"it_IT","og_type":"article","og_title":"Come si pu\u00f2 revocare una procura?","og_description":"Voglio ritirare un'autorizzazione gi\u00e0 rilasciata. Come si revoca una procura? La revoca di una procura da parte del mandante \u00e8 ammessa in qualsiasi","og_url":"https:\/\/www.deinadieu.ch\/it\/faq\/come-posso-revocare-una-procura\/","og_site_name":"DeinAdieu.ch","article_publisher":"https:\/\/www.facebook.com\/deinadieu","article_modified_time":"2024-06-19T06:30:19+00:00","twitter_card":"summary_large_image","twitter_site":"@DeinAdieu","twitter_misc":{"Est. reading time":"1 minute"},"schema":{"@context":"https:\/\/schema.org","@graph":[{"@type":"WebPage","@id":"https:\/\/www.deinadieu.ch\/it\/faq\/come-posso-revocare-una-procura\/","url":"https:\/\/www.deinadieu.ch\/it\/faq\/come-posso-revocare-una-procura\/","name":"Come si pu\u00f2 revocare una procura? | DeinAdieu.ch","isPartOf":{"@id":"https:\/\/www.deinadieu.ch\/it\/#website"},"datePublished":"2023-04-18T05:40:00+00:00","dateModified":"2024-06-19T06:30:19+00:00","description":"FAQ su pianificazione successoria, testamento, testamento biologico, direttive anticipate e inclusione di un ente di beneficenza in un testamento.","breadcrumb":{"@id":"https:\/\/www.deinadieu.ch\/it\/faq\/come-posso-revocare-una-procura\/#breadcrumb"},"inLanguage":"it-IT","potentialAction":[{"@type":"ReadAction","target":["https:\/\/www.deinadieu.ch\/it\/faq\/come-posso-revocare-una-procura\/"]}]},{"@type":"BreadcrumbList","@id":"https:\/\/www.deinadieu.ch\/it\/faq\/come-posso-revocare-una-procura\/#breadcrumb","itemListElement":[{"@type":"ListItem","position":1,"name":"Home","item":"https:\/\/www.deinadieu.ch\/it\/deinadieu-dialog-und-serviceportal-zum-lebensende\/"},{"@type":"ListItem","position":2,"name":"FAQ's","item":"https:\/\/www.deinadieu.ch\/it\/faq\/"},{"@type":"ListItem","position":3,"name":"Come si pu\u00f2 revocare una procura?"}]},{"@type":"WebSite","@id":"https:\/\/www.deinadieu.ch\/it\/#website","url":"https:\/\/www.deinadieu.ch\/it\/","name":"DeinAdieu.ch","description":"Testament, Patientenverf\u00fcgung und Vorsorgeauftrag","publisher":{"@id":"https:\/\/www.deinadieu.ch\/it\/#organization"},"potentialAction":[{"@type":"SearchAction","target":{"@type":"EntryPoint","urlTemplate":"https:\/\/www.deinadieu.ch\/it\/?s={search_term_string}"},"query-input":{"@type":"PropertyValueSpecification","valueRequired":true,"valueName":"search_term_string"}}],"inLanguage":"it-IT"},{"@type":"Organization","@id":"https:\/\/www.deinadieu.ch\/it\/#organization","name":"EMNA Web GmbH","url":"https:\/\/www.deinadieu.ch\/it\/","logo":{"@type":"ImageObject","inLanguage":"it-IT","@id":"https:\/\/www.deinadieu.ch\/it\/#\/schema\/logo\/image\/","url":"https:\/\/www.deinadieu.ch\/wp-content\/uploads\/2016\/01\/DeinAdieu_Logo.png","contentUrl":"https:\/\/www.deinadieu.ch\/wp-content\/uploads\/2016\/01\/DeinAdieu_Logo.png","width":300,"height":117,"caption":"EMNA Web GmbH"},"image":{"@id":"https:\/\/www.deinadieu.ch\/it\/#\/schema\/logo\/image\/"},"sameAs":["https:\/\/www.facebook.com\/deinadieu","https:\/\/x.com\/DeinAdieu","https:\/\/www.instagram.com\/deinadieu\/","https:\/\/www.linkedin.com\/company\/deinadieu.ch"]}]}},"_links":{"self":[{"href":"https:\/\/www.deinadieu.ch\/it\/wp-json\/wp\/v2\/da_faq\/67514","targetHints":{"allow":["GET"]}}],"collection":[{"href":"https:\/\/www.deinadieu.ch\/it\/wp-json\/wp\/v2\/da_faq"}],"about":[{"href":"https:\/\/www.deinadieu.ch\/it\/wp-json\/wp\/v2\/types\/da_faq"}],"author":[{"embeddable":true,"href":"https:\/\/www.deinadieu.ch\/it\/wp-json\/wp\/v2\/users\/4998"}],"replies":[{"embeddable":true,"href":"https:\/\/www.deinadieu.ch\/it\/wp-json\/wp\/v2\/comments?post=67514"}],"version-history":[{"count":5,"href":"https:\/\/www.deinadieu.ch\/it\/wp-json\/wp\/v2\/da_faq\/67514\/revisions"}],"predecessor-version":[{"id":67943,"href":"https:\/\/www.deinadieu.ch\/it\/wp-json\/wp\/v2\/da_faq\/67514\/revisions\/67943"}],"wp:attachment":[{"href":"https:\/\/www.deinadieu.ch\/it\/wp-json\/wp\/v2\/media?parent=67514"}],"wp:term":[{"taxonomy":"da_faq_categories","embeddable":true,"href":"https:\/\/www.deinadieu.ch\/it\/wp-json\/wp\/v2\/da_faq_categories?post=67514"}],"curies":[{"name":"wp","href":"https:\/\/api.w.org\/{rel}","templated":true}]}}

Come si può revocare una procura?

<p>Voglio ritirare un&#8217;autorizzazione già rilasciata. Come si revoca una procura?</p>

<!--more-->

<p>La <strong>revoca di una procura da parte del mandante è ammessa in qualsiasi momento e non richiede alcuna motivazione</strong>. La revoca può essere effettuata in qualsiasi forma e deve solo essere portata a conoscenza del rappresentante autorizzato. Per motivi di prova, tuttavia, è consigliabile mettere la cancellazione per iscritto. </p>

<p>L&#8217;autorizzazione può essere revocata <strong>in tutto o in parte</strong>. In quest&#8217;ultimo caso, si ottiene solo una limitazione della procura. Se la procura è stata redatta per iscritto, il rappresentante autorizzato è tenuto a restituire il documento di procura o a depositarlo in tribunale.</p>

<p><meta charset="utf-8"/><strong>Per saperne di più</strong>:<br/><a href="https://www.deinadieu.ch/faq/wie-kann-ich-mein-testament-widerrufen/">Come posso revocare il mio testamento?</a><br/><a href="https://www.deinadieu.ch/it/guida/la-procura-in-nome-e-per-conto-di-terzi/">Che cos&#8217;è una procura?</a><br/><a href="https://www.deinadieu.ch/ratgeber/unterschied-vollmacht-patientenverfugung/">La differenza tra una procura e una direttiva del paziente</a></p>

<div style="height:40px" aria-hidden="true" class="wp-block-spacer"></div>

<div class="wp-block-buttons is-layout-flex wp-block-buttons-is-layout-flex">
<div class="wp-block-button"><a class="wp-block-button__link wp-element-button" href="https://app.deinadieu.ch/#/patientenverfuegung">Creare direttiva del paziente</a></div>



<div class="wp-block-button"><a class="wp-block-button__link wp-element-button" href="https://www.deinadieu.ch/it/mandato-precauzionale/">Creare mandato precauzionale</a></div>
</div>

<title>Come si può revocare una procura? | DeinAdieu.ch</title>
<meta name="description" content="FAQ su pianificazione successoria, testamento, testamento biologico, direttive anticipate e inclusione di un ente di beneficenza in un testamento." />
<meta name="robots" content="index, follow, max-snippet:-1, max-image-preview:large, max-video-preview:-1" />
<link rel="canonical" href="https://www.deinadieu.ch/it/faq/come-posso-revocare-una-procura/" />
<meta property="og:locale" content="it_IT" />
<meta property="og:type" content="article" />
<meta property="og:title" content="Come si può revocare una procura?" />
<meta property="og:description" content="Voglio ritirare un&#039;autorizzazione già rilasciata. Come si revoca una procura? La revoca di una procura da parte del mandante è ammessa in qualsiasi" />
<meta property="og:url" content="https://www.deinadieu.ch/it/faq/come-posso-revocare-una-procura/" />
<meta property="og:site_name" content="DeinAdieu.ch" />
<meta property="article:publisher" content="https://www.facebook.com/deinadieu" />
<meta property="article:modified_time" content="2024-06-19T06:30:19+00:00" />
<meta name="twitter:card" content="summary_large_image" />
<meta name="twitter:site" content="@DeinAdieu" />
<meta name="twitter:label1" content="Est. reading time" />
	<meta name="twitter:data1" content="1 minute" />
<script type="application/ld+json" class="yoast-schema-graph">{"@context":"https:\/\/schema.org","@graph":[{"@type":"WebPage","@id":"https:\/\/www.deinadieu.ch\/it\/faq\/come-posso-revocare-una-procura\/","url":"https:\/\/www.deinadieu.ch\/it\/faq\/come-posso-revocare-una-procura\/","name":"Come si può revocare una procura? | DeinAdieu.ch","isPartOf":{"@id":"https:\/\/www.deinadieu.ch\/it\/#website"},"datePublished":"2023-04-18T05:40:00+00:00","dateModified":"2024-06-19T06:30:19+00:00","description":"FAQ su pianificazione successoria, testamento, testamento biologico, direttive anticipate e inclusione di un ente di beneficenza in un testamento.","breadcrumb":{"@id":"https:\/\/www.deinadieu.ch\/it\/faq\/come-posso-revocare-una-procura\/#breadcrumb"},"inLanguage":"it-IT","potentialAction":[{"@type":"ReadAction","target":["https:\/\/www.deinadieu.ch\/it\/faq\/come-posso-revocare-una-procura\/"]}]},{"@type":"BreadcrumbList","@id":"https:\/\/www.deinadieu.ch\/it\/faq\/come-posso-revocare-una-procura\/#breadcrumb","itemListElement":[{"@type":"ListItem","position":1,"name":"Home","item":"https:\/\/www.deinadieu.ch\/it\/deinadieu-dialog-und-serviceportal-zum-lebensende\/"},{"@type":"ListItem","position":2,"name":"FAQ's","item":"https:\/\/www.deinadieu.ch\/it\/faq\/"},{"@type":"ListItem","position":3,"name":"Come si può revocare una procura?"}]},{"@type":"WebSite","@id":"https:\/\/www.deinadieu.ch\/it\/#website","url":"https:\/\/www.deinadieu.ch\/it\/","name":"DeinAdieu.ch","description":"Testament, Patientenverfügung und Vorsorgeauftrag","publisher":{"@id":"https:\/\/www.deinadieu.ch\/it\/#organization"},"potentialAction":[{"@type":"SearchAction","target":{"@type":"EntryPoint","urlTemplate":"https:\/\/www.deinadieu.ch\/it\/?s={search_term_string}"},"query-input":{"@type":"PropertyValueSpecification","valueRequired":true,"valueName":"search_term_string"}}],"inLanguage":"it-IT"},{"@type":"Organization","@id":"https:\/\/www.deinadieu.ch\/it\/#organization","name":"EMNA Web GmbH","url":"https:\/\/www.deinadieu.ch\/it\/","logo":{"@type":"ImageObject","inLanguage":"it-IT","@id":"https:\/\/www.deinadieu.ch\/it\/#\/schema\/logo\/image\/","url":"https:\/\/www.deinadieu.ch\/wp-content\/uploads\/2016\/01\/DeinAdieu_Logo.png","contentUrl":"https:\/\/www.deinadieu.ch\/wp-content\/uploads\/2016\/01\/DeinAdieu_Logo.png","width":300,"height":117,"caption":"EMNA Web GmbH"},"image":{"@id":"https:\/\/www.deinadieu.ch\/it\/#\/schema\/logo\/image\/"},"sameAs":["https:\/\/www.facebook.com\/deinadieu","https:\/\/x.com\/DeinAdieu","https:\/\/www.instagram.com\/deinadieu\/","https:\/\/www.linkedin.com\/company\/deinadieu.ch"]}]}</script>

Come si può revocare una procura? | DeinAdieu.ch

Voglio ritirare un'autorizzazione già rilasciata. Come si revoca una procura? La revoca di una procura da parte del mandante è ammessa in qualsiasi

Testament, Patientenverfügung und Vorsorgeauftrag
