{"id":67231,"date":"2019-10-28T11:11:53","date_gmt":"2019-10-28T10:11:53","guid":{"rendered":"https:\/\/www.deinadieu.ch\/faq\/quanto-tempo-ci-vuole-per-la-liquidazione-e-la-divisione-di-uneredita\/"},"modified":"2024-03-25T15:26:58","modified_gmt":"2024-03-25T14:26:58","slug":"quanto-tempo-ci-vuole-per-la-liquidazione-e-la-divisione-di-uneredita","status":"publish","type":"da_faq","link":"https:\/\/www.deinadieu.ch\/it\/faq\/quanto-tempo-ci-vuole-per-la-liquidazione-e-la-divisione-di-uneredita\/","title":{"rendered":"Quanto tempo ci vuole per la liquidazione e la divisione di un&#8217;eredit\u00e0?"},"content":{"rendered":"\n<!--more-->\n\n<p>La divisione dell&#8217;eredit\u00e0 pu\u00f2 richiedere tempi molto diversi. Dipende dalle circostanze (ad esempio, eredit\u00e0 contestata o meno). Ci\u00f2 pu\u00f2 richiedere fino a 1,5 anni.<\/p>\n\n<p><strong>Per saperne di pi\u00f9<\/strong><br\/><a href=\"https:\/\/www.deinadieu.ch\/it\/guida\/il-percorso-verso-leredita-come-funziona-la-divisione-ereditaria\/\">Il percorso verso l\u2019eredit\u00e0 \u2013 come funziona una divisione ereditaria?<\/a><br\/><a href=\"https:\/\/www.deinadieu.ch\/it\/guida\/eredita-la-divisione-delleredita\/\">Eredit\u00e0: la divisione dell&#8217;eredit\u00e0<\/a><br\/><a href=\"https:\/\/www.deinadieu.ch\/it\/guida\/come-funziona-la-devoluzione-delleredita\/\">Come funziona una devoluzione dell&#8217;eredit\u00e0?<\/a><\/p>\n\n<div style=\"height:40px\" aria-hidden=\"true\" class=\"wp-block-spacer\"><\/div>\n\n<div class=\"wp-block-buttons is-layout-flex wp-block-buttons-is-layout-flex\">\n<div class=\"wp-block-button\"><a class=\"wp-block-button__link\" href=\"https:\/\/app.deinadieu.ch\/testamentgenerator\">Creare testamento online<\/a><\/div>\n<\/div>\n","protected":false},"author":4998,"parent":0,"comment_status":"open","ping_status":"closed","template":"","da_faq_categories":[1314],"class_list":["post-67231","da_faq","type-da_faq","status-publish","hentry","da_faq_categories-erben"],"acf":[],"yoast_head":"<title>Quanto tempo ci vuole per elaborare l&#039;eredit\u00e0? | DeinAdieu<\/title>\n<meta name=\"description\" content=\"La divisione dell&#039;eredit\u00e0 pu\u00f2 richiedere tempi molto diversi. Dipende dalle circostanze (ad esempio, eredit\u00e0 contestata o meno).\" \/>\n<meta name=\"robots\" content=\"index, follow, max-snippet:-1, max-image-preview:large, max-video-preview:-1\" \/>\n<link rel=\"canonical\" href=\"https:\/\/www.deinadieu.ch\/it\/faq\/quanto-tempo-ci-vuole-per-la-liquidazione-e-la-divisione-di-uneredita\/\" \/>\n<meta property=\"og:locale\" content=\"it_IT\" \/>\n<meta property=\"og:type\" content=\"article\" \/>\n<meta property=\"og:title\" content=\"Quanto tempo ci vuole per la liquidazione e la divisione di un&#039;eredit\u00e0?\" \/>\n<meta property=\"og:description\" content=\"La divisione dell&#039;eredit\u00e0 pu\u00f2 richiedere tempi molto diversi. Dipende dalle circostanze (ad esempio, eredit\u00e0 contestata o meno). Ci\u00f2 pu\u00f2 richiedere fino a\" \/>\n<meta property=\"og:url\" content=\"https:\/\/www.deinadieu.ch\/it\/faq\/quanto-tempo-ci-vuole-per-la-liquidazione-e-la-divisione-di-uneredita\/\" \/>\n<meta property=\"og:site_name\" content=\"DeinAdieu.ch\" \/>\n<meta property=\"article:publisher\" content=\"https:\/\/www.facebook.com\/deinadieu\" \/>\n<meta property=\"article:modified_time\" content=\"2024-03-25T14:26:58+00:00\" \/>\n<meta name=\"twitter:card\" content=\"summary_large_image\" \/>\n<meta name=\"twitter:site\" content=\"@DeinAdieu\" \/>\n<script type=\"application\/ld+json\" class=\"yoast-schema-graph\">{\"@context\":\"https:\\\/\\\/schema.org\",\"@graph\":[{\"@type\":\"WebPage\",\"@id\":\"https:\\\/\\\/www.deinadieu.ch\\\/it\\\/faq\\\/quanto-tempo-ci-vuole-per-la-liquidazione-e-la-divisione-di-uneredita\\\/\",\"url\":\"https:\\\/\\\/www.deinadieu.ch\\\/it\\\/faq\\\/quanto-tempo-ci-vuole-per-la-liquidazione-e-la-divisione-di-uneredita\\\/\",\"name\":\"Quanto tempo ci vuole per elaborare l'eredit\u00e0? | DeinAdieu\",\"isPartOf\":{\"@id\":\"https:\\\/\\\/www.deinadieu.ch\\\/it\\\/#website\"},\"datePublished\":\"2019-10-28T10:11:53+00:00\",\"dateModified\":\"2024-03-25T14:26:58+00:00\",\"description\":\"La divisione dell'eredit\u00e0 pu\u00f2 richiedere tempi molto diversi. Dipende dalle circostanze (ad esempio, eredit\u00e0 contestata o meno).\",\"breadcrumb\":{\"@id\":\"https:\\\/\\\/www.deinadieu.ch\\\/it\\\/faq\\\/quanto-tempo-ci-vuole-per-la-liquidazione-e-la-divisione-di-uneredita\\\/#breadcrumb\"},\"inLanguage\":\"it-IT\",\"potentialAction\":[{\"@type\":\"ReadAction\",\"target\":[\"https:\\\/\\\/www.deinadieu.ch\\\/it\\\/faq\\\/quanto-tempo-ci-vuole-per-la-liquidazione-e-la-divisione-di-uneredita\\\/\"]}]},{\"@type\":\"BreadcrumbList\",\"@id\":\"https:\\\/\\\/www.deinadieu.ch\\\/it\\\/faq\\\/quanto-tempo-ci-vuole-per-la-liquidazione-e-la-divisione-di-uneredita\\\/#breadcrumb\",\"itemListElement\":[{\"@type\":\"ListItem\",\"position\":1,\"name\":\"Home\",\"item\":\"https:\\\/\\\/www.deinadieu.ch\\\/it\\\/deinadieu-dialog-und-serviceportal-zum-lebensende\\\/\"},{\"@type\":\"ListItem\",\"position\":2,\"name\":\"FAQ's\",\"item\":\"https:\\\/\\\/www.deinadieu.ch\\\/it\\\/faq\\\/\"},{\"@type\":\"ListItem\",\"position\":3,\"name\":\"Quanto tempo ci vuole per la liquidazione e la divisione di un&#8217;eredit\u00e0?\"}]},{\"@type\":\"WebSite\",\"@id\":\"https:\\\/\\\/www.deinadieu.ch\\\/it\\\/#website\",\"url\":\"https:\\\/\\\/www.deinadieu.ch\\\/it\\\/\",\"name\":\"DeinAdieu.ch\",\"description\":\"Testament, Patientenverf\u00fcgung und Vorsorgeauftrag\",\"publisher\":{\"@id\":\"https:\\\/\\\/www.deinadieu.ch\\\/it\\\/#organization\"},\"potentialAction\":[{\"@type\":\"SearchAction\",\"target\":{\"@type\":\"EntryPoint\",\"urlTemplate\":\"https:\\\/\\\/www.deinadieu.ch\\\/it\\\/?s={search_term_string}\"},\"query-input\":{\"@type\":\"PropertyValueSpecification\",\"valueRequired\":true,\"valueName\":\"search_term_string\"}}],\"inLanguage\":\"it-IT\"},{\"@type\":\"Organization\",\"@id\":\"https:\\\/\\\/www.deinadieu.ch\\\/it\\\/#organization\",\"name\":\"EMNA Web GmbH\",\"url\":\"https:\\\/\\\/www.deinadieu.ch\\\/it\\\/\",\"logo\":{\"@type\":\"ImageObject\",\"inLanguage\":\"it-IT\",\"@id\":\"https:\\\/\\\/www.deinadieu.ch\\\/it\\\/#\\\/schema\\\/logo\\\/image\\\/\",\"url\":\"https:\\\/\\\/www.deinadieu.ch\\\/wp-content\\\/uploads\\\/2016\\\/01\\\/DeinAdieu_Logo.png\",\"contentUrl\":\"https:\\\/\\\/www.deinadieu.ch\\\/wp-content\\\/uploads\\\/2016\\\/01\\\/DeinAdieu_Logo.png\",\"width\":300,\"height\":117,\"caption\":\"EMNA Web GmbH\"},\"image\":{\"@id\":\"https:\\\/\\\/www.deinadieu.ch\\\/it\\\/#\\\/schema\\\/logo\\\/image\\\/\"},\"sameAs\":[\"https:\\\/\\\/www.facebook.com\\\/deinadieu\",\"https:\\\/\\\/x.com\\\/DeinAdieu\",\"https:\\\/\\\/www.instagram.com\\\/deinadieu\\\/\",\"https:\\\/\\\/www.linkedin.com\\\/company\\\/deinadieu.ch\"]}]}<\/script>","yoast_head_json":{"title":"Quanto tempo ci vuole per elaborare l'eredit\u00e0? | DeinAdieu","description":"La divisione dell'eredit\u00e0 pu\u00f2 richiedere tempi molto diversi. Dipende dalle circostanze (ad esempio, eredit\u00e0 contestata o meno).","robots":{"index":"index","follow":"follow","max-snippet":"max-snippet:-1","max-image-preview":"max-image-preview:large","max-video-preview":"max-video-preview:-1"},"canonical":"https:\/\/www.deinadieu.ch\/it\/faq\/quanto-tempo-ci-vuole-per-la-liquidazione-e-la-divisione-di-uneredita\/","og_locale":"it_IT","og_type":"article","og_title":"Quanto tempo ci vuole per la liquidazione e la divisione di un'eredit\u00e0?","og_description":"La divisione dell'eredit\u00e0 pu\u00f2 richiedere tempi molto diversi. Dipende dalle circostanze (ad esempio, eredit\u00e0 contestata o meno). Ci\u00f2 pu\u00f2 richiedere fino a","og_url":"https:\/\/www.deinadieu.ch\/it\/faq\/quanto-tempo-ci-vuole-per-la-liquidazione-e-la-divisione-di-uneredita\/","og_site_name":"DeinAdieu.ch","article_publisher":"https:\/\/www.facebook.com\/deinadieu","article_modified_time":"2024-03-25T14:26:58+00:00","twitter_card":"summary_large_image","twitter_site":"@DeinAdieu","schema":{"@context":"https:\/\/schema.org","@graph":[{"@type":"WebPage","@id":"https:\/\/www.deinadieu.ch\/it\/faq\/quanto-tempo-ci-vuole-per-la-liquidazione-e-la-divisione-di-uneredita\/","url":"https:\/\/www.deinadieu.ch\/it\/faq\/quanto-tempo-ci-vuole-per-la-liquidazione-e-la-divisione-di-uneredita\/","name":"Quanto tempo ci vuole per elaborare l'eredit\u00e0? | DeinAdieu","isPartOf":{"@id":"https:\/\/www.deinadieu.ch\/it\/#website"},"datePublished":"2019-10-28T10:11:53+00:00","dateModified":"2024-03-25T14:26:58+00:00","description":"La divisione dell'eredit\u00e0 pu\u00f2 richiedere tempi molto diversi. Dipende dalle circostanze (ad esempio, eredit\u00e0 contestata o meno).","breadcrumb":{"@id":"https:\/\/www.deinadieu.ch\/it\/faq\/quanto-tempo-ci-vuole-per-la-liquidazione-e-la-divisione-di-uneredita\/#breadcrumb"},"inLanguage":"it-IT","potentialAction":[{"@type":"ReadAction","target":["https:\/\/www.deinadieu.ch\/it\/faq\/quanto-tempo-ci-vuole-per-la-liquidazione-e-la-divisione-di-uneredita\/"]}]},{"@type":"BreadcrumbList","@id":"https:\/\/www.deinadieu.ch\/it\/faq\/quanto-tempo-ci-vuole-per-la-liquidazione-e-la-divisione-di-uneredita\/#breadcrumb","itemListElement":[{"@type":"ListItem","position":1,"name":"Home","item":"https:\/\/www.deinadieu.ch\/it\/deinadieu-dialog-und-serviceportal-zum-lebensende\/"},{"@type":"ListItem","position":2,"name":"FAQ's","item":"https:\/\/www.deinadieu.ch\/it\/faq\/"},{"@type":"ListItem","position":3,"name":"Quanto tempo ci vuole per la liquidazione e la divisione di un&#8217;eredit\u00e0?"}]},{"@type":"WebSite","@id":"https:\/\/www.deinadieu.ch\/it\/#website","url":"https:\/\/www.deinadieu.ch\/it\/","name":"DeinAdieu.ch","description":"Testament, Patientenverf\u00fcgung und Vorsorgeauftrag","publisher":{"@id":"https:\/\/www.deinadieu.ch\/it\/#organization"},"potentialAction":[{"@type":"SearchAction","target":{"@type":"EntryPoint","urlTemplate":"https:\/\/www.deinadieu.ch\/it\/?s={search_term_string}"},"query-input":{"@type":"PropertyValueSpecification","valueRequired":true,"valueName":"search_term_string"}}],"inLanguage":"it-IT"},{"@type":"Organization","@id":"https:\/\/www.deinadieu.ch\/it\/#organization","name":"EMNA Web GmbH","url":"https:\/\/www.deinadieu.ch\/it\/","logo":{"@type":"ImageObject","inLanguage":"it-IT","@id":"https:\/\/www.deinadieu.ch\/it\/#\/schema\/logo\/image\/","url":"https:\/\/www.deinadieu.ch\/wp-content\/uploads\/2016\/01\/DeinAdieu_Logo.png","contentUrl":"https:\/\/www.deinadieu.ch\/wp-content\/uploads\/2016\/01\/DeinAdieu_Logo.png","width":300,"height":117,"caption":"EMNA Web GmbH"},"image":{"@id":"https:\/\/www.deinadieu.ch\/it\/#\/schema\/logo\/image\/"},"sameAs":["https:\/\/www.facebook.com\/deinadieu","https:\/\/x.com\/DeinAdieu","https:\/\/www.instagram.com\/deinadieu\/","https:\/\/www.linkedin.com\/company\/deinadieu.ch"]}]}},"_links":{"self":[{"href":"https:\/\/www.deinadieu.ch\/it\/wp-json\/wp\/v2\/da_faq\/67231","targetHints":{"allow":["GET"]}}],"collection":[{"href":"https:\/\/www.deinadieu.ch\/it\/wp-json\/wp\/v2\/da_faq"}],"about":[{"href":"https:\/\/www.deinadieu.ch\/it\/wp-json\/wp\/v2\/types\/da_faq"}],"author":[{"embeddable":true,"href":"https:\/\/www.deinadieu.ch\/it\/wp-json\/wp\/v2\/users\/4998"}],"replies":[{"embeddable":true,"href":"https:\/\/www.deinadieu.ch\/it\/wp-json\/wp\/v2\/comments?post=67231"}],"version-history":[{"count":1,"href":"https:\/\/www.deinadieu.ch\/it\/wp-json\/wp\/v2\/da_faq\/67231\/revisions"}],"predecessor-version":[{"id":67239,"href":"https:\/\/www.deinadieu.ch\/it\/wp-json\/wp\/v2\/da_faq\/67231\/revisions\/67239"}],"wp:attachment":[{"href":"https:\/\/www.deinadieu.ch\/it\/wp-json\/wp\/v2\/media?parent=67231"}],"wp:term":[{"taxonomy":"da_faq_categories","embeddable":true,"href":"https:\/\/www.deinadieu.ch\/it\/wp-json\/wp\/v2\/da_faq_categories?post=67231"}],"curies":[{"name":"wp","href":"https:\/\/api.w.org\/{rel}","templated":true}]}}

Quanto tempo ci vuole per la liquidazione e la divisione di un&#8217;eredità?

<!--more-->

<p>La divisione dell&#8217;eredità può richiedere tempi molto diversi. Dipende dalle circostanze (ad esempio, eredità contestata o meno). Ciò può richiedere fino a 1,5 anni.</p>

<p><strong>Per saperne di più</strong><br/><a href="https://www.deinadieu.ch/it/guida/il-percorso-verso-leredita-come-funziona-la-divisione-ereditaria/">Il percorso verso l’eredità – come funziona una divisione ereditaria?</a><br/><a href="https://www.deinadieu.ch/it/guida/eredita-la-divisione-delleredita/">Eredità: la divisione dell&#8217;eredità</a><br/><a href="https://www.deinadieu.ch/it/guida/come-funziona-la-devoluzione-delleredita/">Come funziona una devoluzione dell&#8217;eredità?</a></p>

<div style="height:40px" aria-hidden="true" class="wp-block-spacer"></div>

<div class="wp-block-buttons is-layout-flex wp-block-buttons-is-layout-flex">
<div class="wp-block-button"><a class="wp-block-button__link" href="https://app.deinadieu.ch/testamentgenerator">Creare testamento online</a></div>
</div>

<title>Quanto tempo ci vuole per elaborare l&#039;eredità? | DeinAdieu</title>
<meta name="description" content="La divisione dell&#039;eredità può richiedere tempi molto diversi. Dipende dalle circostanze (ad esempio, eredità contestata o meno)." />
<meta name="robots" content="index, follow, max-snippet:-1, max-image-preview:large, max-video-preview:-1" />
<link rel="canonical" href="https://www.deinadieu.ch/it/faq/quanto-tempo-ci-vuole-per-la-liquidazione-e-la-divisione-di-uneredita/" />
<meta property="og:locale" content="it_IT" />
<meta property="og:type" content="article" />
<meta property="og:title" content="Quanto tempo ci vuole per la liquidazione e la divisione di un&#039;eredità?" />
<meta property="og:description" content="La divisione dell&#039;eredità può richiedere tempi molto diversi. Dipende dalle circostanze (ad esempio, eredità contestata o meno). Ciò può richiedere fino a" />
<meta property="og:url" content="https://www.deinadieu.ch/it/faq/quanto-tempo-ci-vuole-per-la-liquidazione-e-la-divisione-di-uneredita/" />
<meta property="og:site_name" content="DeinAdieu.ch" />
<meta property="article:publisher" content="https://www.facebook.com/deinadieu" />
<meta property="article:modified_time" content="2024-03-25T14:26:58+00:00" />
<meta name="twitter:card" content="summary_large_image" />
<meta name="twitter:site" content="@DeinAdieu" />
<script type="application/ld+json" class="yoast-schema-graph">{"@context":"https:\/\/schema.org","@graph":[{"@type":"WebPage","@id":"https:\/\/www.deinadieu.ch\/it\/faq\/quanto-tempo-ci-vuole-per-la-liquidazione-e-la-divisione-di-uneredita\/","url":"https:\/\/www.deinadieu.ch\/it\/faq\/quanto-tempo-ci-vuole-per-la-liquidazione-e-la-divisione-di-uneredita\/","name":"Quanto tempo ci vuole per elaborare l'eredità? | DeinAdieu","isPartOf":{"@id":"https:\/\/www.deinadieu.ch\/it\/#website"},"datePublished":"2019-10-28T10:11:53+00:00","dateModified":"2024-03-25T14:26:58+00:00","description":"La divisione dell'eredità può richiedere tempi molto diversi. Dipende dalle circostanze (ad esempio, eredità contestata o meno).","breadcrumb":{"@id":"https:\/\/www.deinadieu.ch\/it\/faq\/quanto-tempo-ci-vuole-per-la-liquidazione-e-la-divisione-di-uneredita\/#breadcrumb"},"inLanguage":"it-IT","potentialAction":[{"@type":"ReadAction","target":["https:\/\/www.deinadieu.ch\/it\/faq\/quanto-tempo-ci-vuole-per-la-liquidazione-e-la-divisione-di-uneredita\/"]}]},{"@type":"BreadcrumbList","@id":"https:\/\/www.deinadieu.ch\/it\/faq\/quanto-tempo-ci-vuole-per-la-liquidazione-e-la-divisione-di-uneredita\/#breadcrumb","itemListElement":[{"@type":"ListItem","position":1,"name":"Home","item":"https:\/\/www.deinadieu.ch\/it\/deinadieu-dialog-und-serviceportal-zum-lebensende\/"},{"@type":"ListItem","position":2,"name":"FAQ's","item":"https:\/\/www.deinadieu.ch\/it\/faq\/"},{"@type":"ListItem","position":3,"name":"Quanto tempo ci vuole per la liquidazione e la divisione di un&#8217;eredità?"}]},{"@type":"WebSite","@id":"https:\/\/www.deinadieu.ch\/it\/#website","url":"https:\/\/www.deinadieu.ch\/it\/","name":"DeinAdieu.ch","description":"Testament, Patientenverfügung und Vorsorgeauftrag","publisher":{"@id":"https:\/\/www.deinadieu.ch\/it\/#organization"},"potentialAction":[{"@type":"SearchAction","target":{"@type":"EntryPoint","urlTemplate":"https:\/\/www.deinadieu.ch\/it\/?s={search_term_string}"},"query-input":{"@type":"PropertyValueSpecification","valueRequired":true,"valueName":"search_term_string"}}],"inLanguage":"it-IT"},{"@type":"Organization","@id":"https:\/\/www.deinadieu.ch\/it\/#organization","name":"EMNA Web GmbH","url":"https:\/\/www.deinadieu.ch\/it\/","logo":{"@type":"ImageObject","inLanguage":"it-IT","@id":"https:\/\/www.deinadieu.ch\/it\/#\/schema\/logo\/image\/","url":"https:\/\/www.deinadieu.ch\/wp-content\/uploads\/2016\/01\/DeinAdieu_Logo.png","contentUrl":"https:\/\/www.deinadieu.ch\/wp-content\/uploads\/2016\/01\/DeinAdieu_Logo.png","width":300,"height":117,"caption":"EMNA Web GmbH"},"image":{"@id":"https:\/\/www.deinadieu.ch\/it\/#\/schema\/logo\/image\/"},"sameAs":["https:\/\/www.facebook.com\/deinadieu","https:\/\/x.com\/DeinAdieu","https:\/\/www.instagram.com\/deinadieu\/","https:\/\/www.linkedin.com\/company\/deinadieu.ch"]}]}</script>

Quanto tempo ci vuole per elaborare l'eredità? | DeinAdieu

La divisione dell'eredità può richiedere tempi molto diversi. Dipende dalle circostanze (ad esempio, eredità contestata o meno).

Quanto tempo ci vuole per la liquidazione e la divisione di un'eredità?

La divisione dell'eredità può richiedere tempi molto diversi. Dipende dalle circostanze (ad esempio, eredità contestata o meno). Ciò può richiedere fino a

Testament, Patientenverfügung und Vorsorgeauftrag
