{"id":66942,"date":"2019-10-06T18:01:39","date_gmt":"2019-10-06T16:01:39","guid":{"rendered":"https:\/\/www.deinadieu.ch\/faq\/come-si-puo-disattivare-larp\/"},"modified":"2024-06-21T10:13:21","modified_gmt":"2024-06-21T08:13:21","slug":"come-si-puo-disattivare-larp","status":"publish","type":"da_faq","link":"https:\/\/www.deinadieu.ch\/it\/faq\/come-si-puo-disattivare-larp\/","title":{"rendered":"Come si pu\u00f2 disattivare l&#8217;ARP?"},"content":{"rendered":"\n<!--more-->\n\n<p>L&#8217;ARP non pu\u00f2 essere disattivata o eliminata come anche non lo pu\u00f2 essere il giudice. Questa opzione non esiste. L&#8217;ARP ha le sue aree di responsabilit\u00e0. Se, ad esempio, viene istituita una tutela e non esiste un mandato precauzionale, l&#8217;ARP ha pi\u00f9 margine di manovra. Tuttavia, la libert\u00e0 decisionale dell&#8217;ARP pu\u00f2 essere limitata in qualche modo con un <a href=\"https:\/\/www.deinadieu.ch\/it\/mandato-precauzionale\/\">mandato precauzionale<\/a>. Vale quindi la pena di prendere le dovute precauzioni fin dalle prime fasi, in modo che l&#8217;ARP possa rispondere ai vostri desideri, se dovesse entrare in gioco, o in modo da non doverlo coinvolgere affatto. <\/p>\n\n<p><strong>Per saperne di pi\u00f9<\/strong><br\/><a href=\"https:\/\/www.deinadieu.ch\/ratgeber\/vorsorgeauftrag-statt-kesb-massnahmen\/\">Mandato precauzionale di cura al posto delle misure ARP<\/a><br\/><a href=\"https:\/\/www.deinadieu.ch\/it\/guida\/cosa-non-puo-fare-larp\/\">Cosa non pu\u00f2 fare l&#8217;ARP?<\/a><br\/><a href=\"https:\/\/www.deinadieu.ch\/ratgeber\/wie-wehre-ich-mich\/\">ARP &#8211; Come e da cosa mi difendo?<\/a><\/p>\n\n<div style=\"height:40px\" aria-hidden=\"true\" class=\"wp-block-spacer\"><\/div>\n\n<div class=\"wp-block-buttons is-layout-flex wp-block-buttons-is-layout-flex\">\n<div class=\"wp-block-button\"><a class=\"wp-block-button__link wp-element-button\" href=\"https:\/\/app.deinadieu.ch\/vorsorgeauftrag\">Creare un mandato precauzionale online<\/a><\/div>\n<\/div>\n","protected":false},"author":4998,"parent":0,"comment_status":"open","ping_status":"closed","template":"","da_faq_categories":[1316],"class_list":["post-66942","da_faq","type-da_faq","status-publish","hentry","da_faq_categories-vorsorgeauftrag"],"acf":[],"yoast_head":"<title>Come si pu\u00f2 disattivare l&#039;ARP? | DeinAdieu<\/title>\n<meta name=\"description\" content=\"Come si pu\u00f2 disattivare l&#039;ARP? \u00c8 possibile limitare in qualche modo la libert\u00e0 decisionale dell&#039;ARP con un mandato precauzionale?\" \/>\n<meta name=\"robots\" content=\"index, follow, max-snippet:-1, max-image-preview:large, max-video-preview:-1\" \/>\n<link rel=\"canonical\" href=\"https:\/\/www.deinadieu.ch\/it\/faq\/come-si-puo-disattivare-larp\/\" \/>\n<meta property=\"og:locale\" content=\"it_IT\" \/>\n<meta property=\"og:type\" content=\"article\" \/>\n<meta property=\"og:title\" content=\"Come si pu\u00f2 disattivare l&#039;ARP?\" \/>\n<meta property=\"og:description\" content=\"L&#039;ARP non pu\u00f2 essere disattivata o eliminata come anche non lo pu\u00f2 essere il giudice. Questa opzione non esiste. L&#039;ARP ha le sue aree di responsabilit\u00e0.\" \/>\n<meta property=\"og:url\" content=\"https:\/\/www.deinadieu.ch\/it\/faq\/come-si-puo-disattivare-larp\/\" \/>\n<meta property=\"og:site_name\" content=\"DeinAdieu.ch\" \/>\n<meta property=\"article:publisher\" content=\"https:\/\/www.facebook.com\/deinadieu\" \/>\n<meta property=\"article:modified_time\" content=\"2024-06-21T08:13:21+00:00\" \/>\n<meta name=\"twitter:card\" content=\"summary_large_image\" \/>\n<meta name=\"twitter:site\" content=\"@DeinAdieu\" \/>\n<meta name=\"twitter:label1\" content=\"Est. reading time\" \/>\n\t<meta name=\"twitter:data1\" content=\"1 minute\" \/>\n<script type=\"application\/ld+json\" class=\"yoast-schema-graph\">{\"@context\":\"https:\\\/\\\/schema.org\",\"@graph\":[{\"@type\":\"WebPage\",\"@id\":\"https:\\\/\\\/www.deinadieu.ch\\\/it\\\/faq\\\/come-si-puo-disattivare-larp\\\/\",\"url\":\"https:\\\/\\\/www.deinadieu.ch\\\/it\\\/faq\\\/come-si-puo-disattivare-larp\\\/\",\"name\":\"Come si pu\u00f2 disattivare l'ARP? | DeinAdieu\",\"isPartOf\":{\"@id\":\"https:\\\/\\\/www.deinadieu.ch\\\/it\\\/#website\"},\"datePublished\":\"2019-10-06T16:01:39+00:00\",\"dateModified\":\"2024-06-21T08:13:21+00:00\",\"description\":\"Come si pu\u00f2 disattivare l'ARP? \u00c8 possibile limitare in qualche modo la libert\u00e0 decisionale dell'ARP con un mandato precauzionale?\",\"breadcrumb\":{\"@id\":\"https:\\\/\\\/www.deinadieu.ch\\\/it\\\/faq\\\/come-si-puo-disattivare-larp\\\/#breadcrumb\"},\"inLanguage\":\"it-IT\",\"potentialAction\":[{\"@type\":\"ReadAction\",\"target\":[\"https:\\\/\\\/www.deinadieu.ch\\\/it\\\/faq\\\/come-si-puo-disattivare-larp\\\/\"]}]},{\"@type\":\"BreadcrumbList\",\"@id\":\"https:\\\/\\\/www.deinadieu.ch\\\/it\\\/faq\\\/come-si-puo-disattivare-larp\\\/#breadcrumb\",\"itemListElement\":[{\"@type\":\"ListItem\",\"position\":1,\"name\":\"Home\",\"item\":\"https:\\\/\\\/www.deinadieu.ch\\\/it\\\/deinadieu-dialog-und-serviceportal-zum-lebensende\\\/\"},{\"@type\":\"ListItem\",\"position\":2,\"name\":\"FAQ's\",\"item\":\"https:\\\/\\\/www.deinadieu.ch\\\/it\\\/faq\\\/\"},{\"@type\":\"ListItem\",\"position\":3,\"name\":\"Come si pu\u00f2 disattivare l&#8217;ARP?\"}]},{\"@type\":\"WebSite\",\"@id\":\"https:\\\/\\\/www.deinadieu.ch\\\/it\\\/#website\",\"url\":\"https:\\\/\\\/www.deinadieu.ch\\\/it\\\/\",\"name\":\"DeinAdieu.ch\",\"description\":\"Testament, Patientenverf\u00fcgung und Vorsorgeauftrag\",\"publisher\":{\"@id\":\"https:\\\/\\\/www.deinadieu.ch\\\/it\\\/#organization\"},\"potentialAction\":[{\"@type\":\"SearchAction\",\"target\":{\"@type\":\"EntryPoint\",\"urlTemplate\":\"https:\\\/\\\/www.deinadieu.ch\\\/it\\\/?s={search_term_string}\"},\"query-input\":{\"@type\":\"PropertyValueSpecification\",\"valueRequired\":true,\"valueName\":\"search_term_string\"}}],\"inLanguage\":\"it-IT\"},{\"@type\":\"Organization\",\"@id\":\"https:\\\/\\\/www.deinadieu.ch\\\/it\\\/#organization\",\"name\":\"EMNA Web GmbH\",\"url\":\"https:\\\/\\\/www.deinadieu.ch\\\/it\\\/\",\"logo\":{\"@type\":\"ImageObject\",\"inLanguage\":\"it-IT\",\"@id\":\"https:\\\/\\\/www.deinadieu.ch\\\/it\\\/#\\\/schema\\\/logo\\\/image\\\/\",\"url\":\"https:\\\/\\\/www.deinadieu.ch\\\/wp-content\\\/uploads\\\/2016\\\/01\\\/DeinAdieu_Logo.png\",\"contentUrl\":\"https:\\\/\\\/www.deinadieu.ch\\\/wp-content\\\/uploads\\\/2016\\\/01\\\/DeinAdieu_Logo.png\",\"width\":300,\"height\":117,\"caption\":\"EMNA Web GmbH\"},\"image\":{\"@id\":\"https:\\\/\\\/www.deinadieu.ch\\\/it\\\/#\\\/schema\\\/logo\\\/image\\\/\"},\"sameAs\":[\"https:\\\/\\\/www.facebook.com\\\/deinadieu\",\"https:\\\/\\\/x.com\\\/DeinAdieu\",\"https:\\\/\\\/www.instagram.com\\\/deinadieu\\\/\",\"https:\\\/\\\/www.linkedin.com\\\/company\\\/deinadieu.ch\"]}]}<\/script>","yoast_head_json":{"title":"Come si pu\u00f2 disattivare l'ARP? | DeinAdieu","description":"Come si pu\u00f2 disattivare l'ARP? \u00c8 possibile limitare in qualche modo la libert\u00e0 decisionale dell'ARP con un mandato precauzionale?","robots":{"index":"index","follow":"follow","max-snippet":"max-snippet:-1","max-image-preview":"max-image-preview:large","max-video-preview":"max-video-preview:-1"},"canonical":"https:\/\/www.deinadieu.ch\/it\/faq\/come-si-puo-disattivare-larp\/","og_locale":"it_IT","og_type":"article","og_title":"Come si pu\u00f2 disattivare l'ARP?","og_description":"L'ARP non pu\u00f2 essere disattivata o eliminata come anche non lo pu\u00f2 essere il giudice. Questa opzione non esiste. L'ARP ha le sue aree di responsabilit\u00e0.","og_url":"https:\/\/www.deinadieu.ch\/it\/faq\/come-si-puo-disattivare-larp\/","og_site_name":"DeinAdieu.ch","article_publisher":"https:\/\/www.facebook.com\/deinadieu","article_modified_time":"2024-06-21T08:13:21+00:00","twitter_card":"summary_large_image","twitter_site":"@DeinAdieu","twitter_misc":{"Est. reading time":"1 minute"},"schema":{"@context":"https:\/\/schema.org","@graph":[{"@type":"WebPage","@id":"https:\/\/www.deinadieu.ch\/it\/faq\/come-si-puo-disattivare-larp\/","url":"https:\/\/www.deinadieu.ch\/it\/faq\/come-si-puo-disattivare-larp\/","name":"Come si pu\u00f2 disattivare l'ARP? | DeinAdieu","isPartOf":{"@id":"https:\/\/www.deinadieu.ch\/it\/#website"},"datePublished":"2019-10-06T16:01:39+00:00","dateModified":"2024-06-21T08:13:21+00:00","description":"Come si pu\u00f2 disattivare l'ARP? \u00c8 possibile limitare in qualche modo la libert\u00e0 decisionale dell'ARP con un mandato precauzionale?","breadcrumb":{"@id":"https:\/\/www.deinadieu.ch\/it\/faq\/come-si-puo-disattivare-larp\/#breadcrumb"},"inLanguage":"it-IT","potentialAction":[{"@type":"ReadAction","target":["https:\/\/www.deinadieu.ch\/it\/faq\/come-si-puo-disattivare-larp\/"]}]},{"@type":"BreadcrumbList","@id":"https:\/\/www.deinadieu.ch\/it\/faq\/come-si-puo-disattivare-larp\/#breadcrumb","itemListElement":[{"@type":"ListItem","position":1,"name":"Home","item":"https:\/\/www.deinadieu.ch\/it\/deinadieu-dialog-und-serviceportal-zum-lebensende\/"},{"@type":"ListItem","position":2,"name":"FAQ's","item":"https:\/\/www.deinadieu.ch\/it\/faq\/"},{"@type":"ListItem","position":3,"name":"Come si pu\u00f2 disattivare l&#8217;ARP?"}]},{"@type":"WebSite","@id":"https:\/\/www.deinadieu.ch\/it\/#website","url":"https:\/\/www.deinadieu.ch\/it\/","name":"DeinAdieu.ch","description":"Testament, Patientenverf\u00fcgung und Vorsorgeauftrag","publisher":{"@id":"https:\/\/www.deinadieu.ch\/it\/#organization"},"potentialAction":[{"@type":"SearchAction","target":{"@type":"EntryPoint","urlTemplate":"https:\/\/www.deinadieu.ch\/it\/?s={search_term_string}"},"query-input":{"@type":"PropertyValueSpecification","valueRequired":true,"valueName":"search_term_string"}}],"inLanguage":"it-IT"},{"@type":"Organization","@id":"https:\/\/www.deinadieu.ch\/it\/#organization","name":"EMNA Web GmbH","url":"https:\/\/www.deinadieu.ch\/it\/","logo":{"@type":"ImageObject","inLanguage":"it-IT","@id":"https:\/\/www.deinadieu.ch\/it\/#\/schema\/logo\/image\/","url":"https:\/\/www.deinadieu.ch\/wp-content\/uploads\/2016\/01\/DeinAdieu_Logo.png","contentUrl":"https:\/\/www.deinadieu.ch\/wp-content\/uploads\/2016\/01\/DeinAdieu_Logo.png","width":300,"height":117,"caption":"EMNA Web GmbH"},"image":{"@id":"https:\/\/www.deinadieu.ch\/it\/#\/schema\/logo\/image\/"},"sameAs":["https:\/\/www.facebook.com\/deinadieu","https:\/\/x.com\/DeinAdieu","https:\/\/www.instagram.com\/deinadieu\/","https:\/\/www.linkedin.com\/company\/deinadieu.ch"]}]}},"_links":{"self":[{"href":"https:\/\/www.deinadieu.ch\/it\/wp-json\/wp\/v2\/da_faq\/66942","targetHints":{"allow":["GET"]}}],"collection":[{"href":"https:\/\/www.deinadieu.ch\/it\/wp-json\/wp\/v2\/da_faq"}],"about":[{"href":"https:\/\/www.deinadieu.ch\/it\/wp-json\/wp\/v2\/types\/da_faq"}],"author":[{"embeddable":true,"href":"https:\/\/www.deinadieu.ch\/it\/wp-json\/wp\/v2\/users\/4998"}],"replies":[{"embeddable":true,"href":"https:\/\/www.deinadieu.ch\/it\/wp-json\/wp\/v2\/comments?post=66942"}],"version-history":[{"count":4,"href":"https:\/\/www.deinadieu.ch\/it\/wp-json\/wp\/v2\/da_faq\/66942\/revisions"}],"predecessor-version":[{"id":67975,"href":"https:\/\/www.deinadieu.ch\/it\/wp-json\/wp\/v2\/da_faq\/66942\/revisions\/67975"}],"wp:attachment":[{"href":"https:\/\/www.deinadieu.ch\/it\/wp-json\/wp\/v2\/media?parent=66942"}],"wp:term":[{"taxonomy":"da_faq_categories","embeddable":true,"href":"https:\/\/www.deinadieu.ch\/it\/wp-json\/wp\/v2\/da_faq_categories?post=66942"}],"curies":[{"name":"wp","href":"https:\/\/api.w.org\/{rel}","templated":true}]}}

Come si può disattivare l&#8217;ARP?

<!--more-->

<p>L&#8217;ARP non può essere disattivata o eliminata come anche non lo può essere il giudice. Questa opzione non esiste. L&#8217;ARP ha le sue aree di responsabilità. Se, ad esempio, viene istituita una tutela e non esiste un mandato precauzionale, l&#8217;ARP ha più margine di manovra. Tuttavia, la libertà decisionale dell&#8217;ARP può essere limitata in qualche modo con un <a href="https://www.deinadieu.ch/it/mandato-precauzionale/">mandato precauzionale</a>. Vale quindi la pena di prendere le dovute precauzioni fin dalle prime fasi, in modo che l&#8217;ARP possa rispondere ai vostri desideri, se dovesse entrare in gioco, o in modo da non doverlo coinvolgere affatto. </p>

<p><strong>Per saperne di più</strong><br/><a href="https://www.deinadieu.ch/ratgeber/vorsorgeauftrag-statt-kesb-massnahmen/">Mandato precauzionale di cura al posto delle misure ARP</a><br/><a href="https://www.deinadieu.ch/it/guida/cosa-non-puo-fare-larp/">Cosa non può fare l&#8217;ARP?</a><br/><a href="https://www.deinadieu.ch/ratgeber/wie-wehre-ich-mich/">ARP &#8211; Come e da cosa mi difendo?</a></p>

<div style="height:40px" aria-hidden="true" class="wp-block-spacer"></div>

<div class="wp-block-buttons is-layout-flex wp-block-buttons-is-layout-flex">
<div class="wp-block-button"><a class="wp-block-button__link wp-element-button" href="https://app.deinadieu.ch/vorsorgeauftrag">Creare un mandato precauzionale online</a></div>
</div>

<title>Come si può disattivare l&#039;ARP? | DeinAdieu</title>
<meta name="description" content="Come si può disattivare l&#039;ARP? È possibile limitare in qualche modo la libertà decisionale dell&#039;ARP con un mandato precauzionale?" />
<meta name="robots" content="index, follow, max-snippet:-1, max-image-preview:large, max-video-preview:-1" />
<link rel="canonical" href="https://www.deinadieu.ch/it/faq/come-si-puo-disattivare-larp/" />
<meta property="og:locale" content="it_IT" />
<meta property="og:type" content="article" />
<meta property="og:title" content="Come si può disattivare l&#039;ARP?" />
<meta property="og:description" content="L&#039;ARP non può essere disattivata o eliminata come anche non lo può essere il giudice. Questa opzione non esiste. L&#039;ARP ha le sue aree di responsabilità." />
<meta property="og:url" content="https://www.deinadieu.ch/it/faq/come-si-puo-disattivare-larp/" />
<meta property="og:site_name" content="DeinAdieu.ch" />
<meta property="article:publisher" content="https://www.facebook.com/deinadieu" />
<meta property="article:modified_time" content="2024-06-21T08:13:21+00:00" />
<meta name="twitter:card" content="summary_large_image" />
<meta name="twitter:site" content="@DeinAdieu" />
<meta name="twitter:label1" content="Est. reading time" />
	<meta name="twitter:data1" content="1 minute" />
<script type="application/ld+json" class="yoast-schema-graph">{"@context":"https:\/\/schema.org","@graph":[{"@type":"WebPage","@id":"https:\/\/www.deinadieu.ch\/it\/faq\/come-si-puo-disattivare-larp\/","url":"https:\/\/www.deinadieu.ch\/it\/faq\/come-si-puo-disattivare-larp\/","name":"Come si può disattivare l'ARP? | DeinAdieu","isPartOf":{"@id":"https:\/\/www.deinadieu.ch\/it\/#website"},"datePublished":"2019-10-06T16:01:39+00:00","dateModified":"2024-06-21T08:13:21+00:00","description":"Come si può disattivare l'ARP? È possibile limitare in qualche modo la libertà decisionale dell'ARP con un mandato precauzionale?","breadcrumb":{"@id":"https:\/\/www.deinadieu.ch\/it\/faq\/come-si-puo-disattivare-larp\/#breadcrumb"},"inLanguage":"it-IT","potentialAction":[{"@type":"ReadAction","target":["https:\/\/www.deinadieu.ch\/it\/faq\/come-si-puo-disattivare-larp\/"]}]},{"@type":"BreadcrumbList","@id":"https:\/\/www.deinadieu.ch\/it\/faq\/come-si-puo-disattivare-larp\/#breadcrumb","itemListElement":[{"@type":"ListItem","position":1,"name":"Home","item":"https:\/\/www.deinadieu.ch\/it\/deinadieu-dialog-und-serviceportal-zum-lebensende\/"},{"@type":"ListItem","position":2,"name":"FAQ's","item":"https:\/\/www.deinadieu.ch\/it\/faq\/"},{"@type":"ListItem","position":3,"name":"Come si può disattivare l&#8217;ARP?"}]},{"@type":"WebSite","@id":"https:\/\/www.deinadieu.ch\/it\/#website","url":"https:\/\/www.deinadieu.ch\/it\/","name":"DeinAdieu.ch","description":"Testament, Patientenverfügung und Vorsorgeauftrag","publisher":{"@id":"https:\/\/www.deinadieu.ch\/it\/#organization"},"potentialAction":[{"@type":"SearchAction","target":{"@type":"EntryPoint","urlTemplate":"https:\/\/www.deinadieu.ch\/it\/?s={search_term_string}"},"query-input":{"@type":"PropertyValueSpecification","valueRequired":true,"valueName":"search_term_string"}}],"inLanguage":"it-IT"},{"@type":"Organization","@id":"https:\/\/www.deinadieu.ch\/it\/#organization","name":"EMNA Web GmbH","url":"https:\/\/www.deinadieu.ch\/it\/","logo":{"@type":"ImageObject","inLanguage":"it-IT","@id":"https:\/\/www.deinadieu.ch\/it\/#\/schema\/logo\/image\/","url":"https:\/\/www.deinadieu.ch\/wp-content\/uploads\/2016\/01\/DeinAdieu_Logo.png","contentUrl":"https:\/\/www.deinadieu.ch\/wp-content\/uploads\/2016\/01\/DeinAdieu_Logo.png","width":300,"height":117,"caption":"EMNA Web GmbH"},"image":{"@id":"https:\/\/www.deinadieu.ch\/it\/#\/schema\/logo\/image\/"},"sameAs":["https:\/\/www.facebook.com\/deinadieu","https:\/\/x.com\/DeinAdieu","https:\/\/www.instagram.com\/deinadieu\/","https:\/\/www.linkedin.com\/company\/deinadieu.ch"]}]}</script>

Come si può disattivare l'ARP? | DeinAdieu

Come si può disattivare l'ARP? È possibile limitare in qualche modo la libertà decisionale dell'ARP con un mandato precauzionale?

Come si può disattivare l'ARP?

L'ARP non può essere disattivata o eliminata come anche non lo può essere il giudice. Questa opzione non esiste. L'ARP ha le sue aree di responsabilità.

Testament, Patientenverfügung und Vorsorgeauftrag
