{"id":25728,"date":"2016-05-13T20:02:37","date_gmt":"2016-05-13T18:02:37","guid":{"rendered":"http:\/\/www.deinadieu.ch\/contact\/"},"modified":"2025-02-11T12:13:30","modified_gmt":"2025-02-11T11:13:30","slug":"contact","status":"publish","type":"page","link":"https:\/\/www.deinadieu.ch\/fr\/contact\/","title":{"rendered":"contact"},"content":{"rendered":"\n<div class=\"wp-block-columns is-layout-flex wp-container-core-columns-is-layout-28f84493 wp-block-columns-is-layout-flex\">\n<div class=\"wp-block-column is-layout-flow wp-block-column-is-layout-flow\" style=\"flex-basis:66.67%\">\n<h2 class=\"wp-block-heading has-text-color\" id=\"h-wir-freuen-uns-auf-ihre-nachricht\" style=\"color:#4a5568\">Nous attendons votre message<\/h2>\n\n\n\n<p class=\"has-text-color\" style=\"color:#4a5568\">Vous avez des demandes ou des informations pour DeinAdieu ? Vous avez des suggestions, des souhaits ou des critiques concernant notre portail ? Veuillez prendre contact avec nous et nous vous r\u00e9pondrons.<\/p>\n<\/div>\n\n\n\n<div class=\"wp-block-column is-layout-flow wp-block-column-is-layout-flow\" style=\"flex-basis:33.33%\"><\/div>\n<\/div>\n\n<h2 class=\"wp-block-heading has-text-color\" id=\"h-kontakt-amp-betrieb\" style=\"color:#4a5568\">Contact &amp; exploitation<\/h2>\n\n<div style=\"height:25px\" aria-hidden=\"true\" class=\"wp-block-spacer\"><\/div>\n\n<div class=\"wp-block-columns has-background is-layout-flex wp-container-core-columns-is-layout-28f84493 wp-block-columns-is-layout-flex\" style=\"background-color:#f7fafc\">\n<div class=\"wp-block-column is-layout-flow wp-block-column-is-layout-flow\" style=\"flex-basis:40%\">\n<div class=\"wp-block-group is-layout-flow wp-block-group-is-layout-flow\">\n<h4 class=\"wp-block-heading has-text-color\" id=\"h-betreiberin\" style=\"color:#4a5568\"><strong>Op\u00e9rateur<\/strong><\/h4>\n\n\n\n<p class=\"has-text-color\" style=\"color:#4a5568\">EMNA Web AG<br\/>Limmatstrasse 65<br\/>8005 Zurich<br\/>Suisse<\/p>\n<\/div>\n\n\n\n<div style=\"height:20px\" aria-hidden=\"true\" class=\"wp-block-spacer\"><\/div>\n\n\n\n<p><\/p>\n<\/div>\n\n\n\n<div class=\"wp-block-column is-layout-flow wp-block-column-is-layout-flow\" style=\"flex-basis:40%\">\n<h4 class=\"wp-block-heading\" id=\"h-technische-fragen-support-deinadieu-ch\"><strong>Questions techniques<\/strong><br\/><a href=\"mailto:support@deinadieu.ch\">support@deinadieu.ch<\/a><\/h4>\n\n\n\n<p class=\"has-text-color\" style=\"color:#4a5568\">DeinAdieu ne fournit pas de conseils juridiques.<\/p>\n\n\n\n<div style=\"height:30px\" aria-hidden=\"true\" class=\"wp-block-spacer\"><\/div>\n<\/div>\n\n\n\n<div class=\"wp-block-column is-layout-flow wp-block-column-is-layout-flow\" style=\"flex-basis:40%\">\n<h4 class=\"wp-block-heading has-text-color\" id=\"h-kontakt-fur-organisationen\" style=\"color:#4a5568\"><strong>Contact pour les organisations<\/strong><\/h4>\n\n\n\n<p class=\"has-text-color\" style=\"color:#4a5568\"><strong>Clients<\/strong><br\/>Veuillez utiliser la fonction de support dans le login partenaire :  <\/p>\n\n\n\n<div class=\"wp-block-buttons is-layout-flex wp-block-buttons-is-layout-flex\">\n<div class=\"wp-block-button\"><a class=\"wp-block-button__link wp-element-button\" href=\"https:\/\/app.deinadieu.ch\/login\">Login partenaire<\/a><\/div>\n<\/div>\n\n\n\n<p class=\"has-text-color\" style=\"color:#4a5568\"><strong>Vous n&#8217;\u00eates pas encore partenaire ?<\/strong><\/p>\n\n\n\n<div class=\"wp-block-buttons is-layout-flex wp-block-buttons-is-layout-flex\">\n<div class=\"wp-block-button\"><a class=\"wp-block-button__link wp-element-button\" href=\"https:\/\/www.deinadieu.ch\/fr\/demande-partenariat-avec-deinadieu\/\">Devenir partenaire<\/a><\/div>\n<\/div>\n<\/div>\n<\/div>\n","protected":false},"excerpt":{"rendered":"<p>Nous attendons votre message Vous avez des demandes ou des informations pour DeinAdieu ? Vous avez des suggestions, des souhaits ou des critiques concernant notre portail ? Veuillez prendre contact avec nous et nous vous r\u00e9pondrons. Contact &amp; exploitation Op\u00e9rateur EMNA Web AGLimmatstrasse 658005 ZurichSuisse Questions techniquessupport@deinadieu.ch DeinAdieu ne fournit pas de conseils juridiques. Contact [&hellip;]<\/p>\n","protected":false},"author":4998,"featured_media":0,"parent":0,"menu_order":0,"comment_status":"closed","ping_status":"closed","template":"","meta":{"_acf_changed":false,"footnotes":""},"class_list":["post-25728","page","type-page","status-publish","hentry"],"acf":[],"yoast_head":"<title>Contact - DeinAdieu peut \u00eatre contact\u00e9 par courriel ou par t\u00e9l\u00e9phone.<\/title>\n<meta name=\"description\" content=\"DeinAdieu - Le premier portail de dialogue et de services pour la derni\u00e8re phase de la vie vous souhaite la bienvenue sur son site internet.\" \/>\n<meta name=\"robots\" content=\"index, follow, max-snippet:-1, max-image-preview:large, max-video-preview:-1\" \/>\n<link rel=\"canonical\" href=\"https:\/\/www.deinadieu.ch\/fr\/contact\/\" \/>\n<meta property=\"og:locale\" content=\"fr_FR\" \/>\n<meta property=\"og:type\" content=\"article\" \/>\n<meta property=\"og:title\" content=\"contact\" \/>\n<meta property=\"og:description\" content=\"Nous attendons votre message Vous avez des demandes ou des informations pour DeinAdieu ? Vous avez des suggestions, des souhaits ou des critiques\" \/>\n<meta property=\"og:url\" content=\"https:\/\/www.deinadieu.ch\/fr\/contact\/\" \/>\n<meta property=\"og:site_name\" content=\"DeinAdieu.ch\" \/>\n<meta property=\"article:publisher\" content=\"https:\/\/www.facebook.com\/deinadieu\" \/>\n<meta property=\"article:modified_time\" content=\"2025-02-11T11:13:30+00:00\" \/>\n<meta name=\"twitter:card\" content=\"summary_large_image\" \/>\n<meta name=\"twitter:site\" content=\"@DeinAdieu\" \/>\n<script type=\"application\/ld+json\" class=\"yoast-schema-graph\">{\"@context\":\"https:\\\/\\\/schema.org\",\"@graph\":[{\"@type\":\"WebPage\",\"@id\":\"https:\\\/\\\/www.deinadieu.ch\\\/fr\\\/contact\\\/\",\"url\":\"https:\\\/\\\/www.deinadieu.ch\\\/fr\\\/contact\\\/\",\"name\":\"Contact - DeinAdieu peut \u00eatre contact\u00e9 par courriel ou par t\u00e9l\u00e9phone.\",\"isPartOf\":{\"@id\":\"https:\\\/\\\/www.deinadieu.ch\\\/fr\\\/#website\"},\"datePublished\":\"2016-05-13T18:02:37+00:00\",\"dateModified\":\"2025-02-11T11:13:30+00:00\",\"description\":\"DeinAdieu - Le premier portail de dialogue et de services pour la derni\u00e8re phase de la vie vous souhaite la bienvenue sur son site internet.\",\"breadcrumb\":{\"@id\":\"https:\\\/\\\/www.deinadieu.ch\\\/fr\\\/contact\\\/#breadcrumb\"},\"inLanguage\":\"fr-FR\",\"potentialAction\":[{\"@type\":\"ReadAction\",\"target\":[\"https:\\\/\\\/www.deinadieu.ch\\\/fr\\\/contact\\\/\"]}]},{\"@type\":\"BreadcrumbList\",\"@id\":\"https:\\\/\\\/www.deinadieu.ch\\\/fr\\\/contact\\\/#breadcrumb\",\"itemListElement\":[{\"@type\":\"ListItem\",\"position\":1,\"name\":\"Home\",\"item\":\"https:\\\/\\\/www.deinadieu.ch\\\/fr\\\/deinadieu-dialog-und-serviceportal-zum-lebensende\\\/\"},{\"@type\":\"ListItem\",\"position\":2,\"name\":\"contact\"}]},{\"@type\":\"WebSite\",\"@id\":\"https:\\\/\\\/www.deinadieu.ch\\\/fr\\\/#website\",\"url\":\"https:\\\/\\\/www.deinadieu.ch\\\/fr\\\/\",\"name\":\"DeinAdieu.ch\",\"description\":\"Testament, Patientenverf\u00fcgung und Vorsorgeauftrag\",\"publisher\":{\"@id\":\"https:\\\/\\\/www.deinadieu.ch\\\/fr\\\/#organization\"},\"potentialAction\":[{\"@type\":\"SearchAction\",\"target\":{\"@type\":\"EntryPoint\",\"urlTemplate\":\"https:\\\/\\\/www.deinadieu.ch\\\/fr\\\/?s={search_term_string}\"},\"query-input\":{\"@type\":\"PropertyValueSpecification\",\"valueRequired\":true,\"valueName\":\"search_term_string\"}}],\"inLanguage\":\"fr-FR\"},{\"@type\":\"Organization\",\"@id\":\"https:\\\/\\\/www.deinadieu.ch\\\/fr\\\/#organization\",\"name\":\"EMNA Web GmbH\",\"url\":\"https:\\\/\\\/www.deinadieu.ch\\\/fr\\\/\",\"logo\":{\"@type\":\"ImageObject\",\"inLanguage\":\"fr-FR\",\"@id\":\"https:\\\/\\\/www.deinadieu.ch\\\/fr\\\/#\\\/schema\\\/logo\\\/image\\\/\",\"url\":\"https:\\\/\\\/www.deinadieu.ch\\\/wp-content\\\/uploads\\\/2016\\\/01\\\/DeinAdieu_Logo.png\",\"contentUrl\":\"https:\\\/\\\/www.deinadieu.ch\\\/wp-content\\\/uploads\\\/2016\\\/01\\\/DeinAdieu_Logo.png\",\"width\":300,\"height\":117,\"caption\":\"EMNA Web GmbH\"},\"image\":{\"@id\":\"https:\\\/\\\/www.deinadieu.ch\\\/fr\\\/#\\\/schema\\\/logo\\\/image\\\/\"},\"sameAs\":[\"https:\\\/\\\/www.facebook.com\\\/deinadieu\",\"https:\\\/\\\/x.com\\\/DeinAdieu\",\"https:\\\/\\\/www.instagram.com\\\/deinadieu\\\/\",\"https:\\\/\\\/www.linkedin.com\\\/company\\\/deinadieu.ch\"]}]}<\/script>","yoast_head_json":{"title":"Contact - DeinAdieu peut \u00eatre contact\u00e9 par courriel ou par t\u00e9l\u00e9phone.","description":"DeinAdieu - Le premier portail de dialogue et de services pour la derni\u00e8re phase de la vie vous souhaite la bienvenue sur son site internet.","robots":{"index":"index","follow":"follow","max-snippet":"max-snippet:-1","max-image-preview":"max-image-preview:large","max-video-preview":"max-video-preview:-1"},"canonical":"https:\/\/www.deinadieu.ch\/fr\/contact\/","og_locale":"fr_FR","og_type":"article","og_title":"contact","og_description":"Nous attendons votre message Vous avez des demandes ou des informations pour DeinAdieu ? Vous avez des suggestions, des souhaits ou des critiques","og_url":"https:\/\/www.deinadieu.ch\/fr\/contact\/","og_site_name":"DeinAdieu.ch","article_publisher":"https:\/\/www.facebook.com\/deinadieu","article_modified_time":"2025-02-11T11:13:30+00:00","twitter_card":"summary_large_image","twitter_site":"@DeinAdieu","schema":{"@context":"https:\/\/schema.org","@graph":[{"@type":"WebPage","@id":"https:\/\/www.deinadieu.ch\/fr\/contact\/","url":"https:\/\/www.deinadieu.ch\/fr\/contact\/","name":"Contact - DeinAdieu peut \u00eatre contact\u00e9 par courriel ou par t\u00e9l\u00e9phone.","isPartOf":{"@id":"https:\/\/www.deinadieu.ch\/fr\/#website"},"datePublished":"2016-05-13T18:02:37+00:00","dateModified":"2025-02-11T11:13:30+00:00","description":"DeinAdieu - Le premier portail de dialogue et de services pour la derni\u00e8re phase de la vie vous souhaite la bienvenue sur son site internet.","breadcrumb":{"@id":"https:\/\/www.deinadieu.ch\/fr\/contact\/#breadcrumb"},"inLanguage":"fr-FR","potentialAction":[{"@type":"ReadAction","target":["https:\/\/www.deinadieu.ch\/fr\/contact\/"]}]},{"@type":"BreadcrumbList","@id":"https:\/\/www.deinadieu.ch\/fr\/contact\/#breadcrumb","itemListElement":[{"@type":"ListItem","position":1,"name":"Home","item":"https:\/\/www.deinadieu.ch\/fr\/deinadieu-dialog-und-serviceportal-zum-lebensende\/"},{"@type":"ListItem","position":2,"name":"contact"}]},{"@type":"WebSite","@id":"https:\/\/www.deinadieu.ch\/fr\/#website","url":"https:\/\/www.deinadieu.ch\/fr\/","name":"DeinAdieu.ch","description":"Testament, Patientenverf\u00fcgung und Vorsorgeauftrag","publisher":{"@id":"https:\/\/www.deinadieu.ch\/fr\/#organization"},"potentialAction":[{"@type":"SearchAction","target":{"@type":"EntryPoint","urlTemplate":"https:\/\/www.deinadieu.ch\/fr\/?s={search_term_string}"},"query-input":{"@type":"PropertyValueSpecification","valueRequired":true,"valueName":"search_term_string"}}],"inLanguage":"fr-FR"},{"@type":"Organization","@id":"https:\/\/www.deinadieu.ch\/fr\/#organization","name":"EMNA Web GmbH","url":"https:\/\/www.deinadieu.ch\/fr\/","logo":{"@type":"ImageObject","inLanguage":"fr-FR","@id":"https:\/\/www.deinadieu.ch\/fr\/#\/schema\/logo\/image\/","url":"https:\/\/www.deinadieu.ch\/wp-content\/uploads\/2016\/01\/DeinAdieu_Logo.png","contentUrl":"https:\/\/www.deinadieu.ch\/wp-content\/uploads\/2016\/01\/DeinAdieu_Logo.png","width":300,"height":117,"caption":"EMNA Web GmbH"},"image":{"@id":"https:\/\/www.deinadieu.ch\/fr\/#\/schema\/logo\/image\/"},"sameAs":["https:\/\/www.facebook.com\/deinadieu","https:\/\/x.com\/DeinAdieu","https:\/\/www.instagram.com\/deinadieu\/","https:\/\/www.linkedin.com\/company\/deinadieu.ch"]}]}},"_links":{"self":[{"href":"https:\/\/www.deinadieu.ch\/fr\/wp-json\/wp\/v2\/pages\/25728","targetHints":{"allow":["GET"]}}],"collection":[{"href":"https:\/\/www.deinadieu.ch\/fr\/wp-json\/wp\/v2\/pages"}],"about":[{"href":"https:\/\/www.deinadieu.ch\/fr\/wp-json\/wp\/v2\/types\/page"}],"author":[{"embeddable":true,"href":"https:\/\/www.deinadieu.ch\/fr\/wp-json\/wp\/v2\/users\/4998"}],"replies":[{"embeddable":true,"href":"https:\/\/www.deinadieu.ch\/fr\/wp-json\/wp\/v2\/comments?post=25728"}],"version-history":[{"count":19,"href":"https:\/\/www.deinadieu.ch\/fr\/wp-json\/wp\/v2\/pages\/25728\/revisions"}],"predecessor-version":[{"id":68974,"href":"https:\/\/www.deinadieu.ch\/fr\/wp-json\/wp\/v2\/pages\/25728\/revisions\/68974"}],"wp:attachment":[{"href":"https:\/\/www.deinadieu.ch\/fr\/wp-json\/wp\/v2\/media?parent=25728"}],"curies":[{"name":"wp","href":"https:\/\/api.w.org\/{rel}","templated":true}]}}

<div class="wp-block-columns is-layout-flex wp-container-core-columns-is-layout-28f84493 wp-block-columns-is-layout-flex">
<div class="wp-block-column is-layout-flow wp-block-column-is-layout-flow" style="flex-basis:66.67%">
<h2 class="wp-block-heading has-text-color" id="h-wir-freuen-uns-auf-ihre-nachricht" style="color:#4a5568">Nous attendons votre message</h2>



<p class="has-text-color" style="color:#4a5568">Vous avez des demandes ou des informations pour DeinAdieu ? Vous avez des suggestions, des souhaits ou des critiques concernant notre portail ? Veuillez prendre contact avec nous et nous vous répondrons.</p>
</div>



<div class="wp-block-column is-layout-flow wp-block-column-is-layout-flow" style="flex-basis:33.33%"></div>
</div>

<h2 class="wp-block-heading has-text-color" id="h-kontakt-amp-betrieb" style="color:#4a5568">Contact &amp; exploitation</h2>

<div style="height:25px" aria-hidden="true" class="wp-block-spacer"></div>

<div class="wp-block-columns has-background is-layout-flex wp-container-core-columns-is-layout-28f84493 wp-block-columns-is-layout-flex" style="background-color:#f7fafc">
<div class="wp-block-column is-layout-flow wp-block-column-is-layout-flow" style="flex-basis:40%">
<div class="wp-block-group is-layout-flow wp-block-group-is-layout-flow">
<h4 class="wp-block-heading has-text-color" id="h-betreiberin" style="color:#4a5568"><strong>Opérateur</strong></h4>



<p class="has-text-color" style="color:#4a5568">EMNA Web AG<br/>Limmatstrasse 65<br/>8005 Zurich<br/>Suisse</p>
</div>



<div style="height:20px" aria-hidden="true" class="wp-block-spacer"></div>



<p></p>
</div>



<div class="wp-block-column is-layout-flow wp-block-column-is-layout-flow" style="flex-basis:40%">
<h4 class="wp-block-heading" id="h-technische-fragen-support-deinadieu-ch"><strong>Questions techniques</strong><br/><a href="mailto:support@deinadieu.ch">support@deinadieu.ch</a></h4>



<p class="has-text-color" style="color:#4a5568">DeinAdieu ne fournit pas de conseils juridiques.</p>



<div style="height:30px" aria-hidden="true" class="wp-block-spacer"></div>
</div>



<div class="wp-block-column is-layout-flow wp-block-column-is-layout-flow" style="flex-basis:40%">
<h4 class="wp-block-heading has-text-color" id="h-kontakt-fur-organisationen" style="color:#4a5568"><strong>Contact pour les organisations</strong></h4>



<p class="has-text-color" style="color:#4a5568"><strong>Clients</strong><br/>Veuillez utiliser la fonction de support dans le login partenaire :  </p>



<div class="wp-block-buttons is-layout-flex wp-block-buttons-is-layout-flex">
<div class="wp-block-button"><a class="wp-block-button__link wp-element-button" href="https://app.deinadieu.ch/login">Login partenaire</a></div>
</div>



<p class="has-text-color" style="color:#4a5568"><strong>Vous n&#8217;êtes pas encore partenaire ?</strong></p>



<div class="wp-block-buttons is-layout-flex wp-block-buttons-is-layout-flex">
<div class="wp-block-button"><a class="wp-block-button__link wp-element-button" href="https://www.deinadieu.ch/fr/demande-partenariat-avec-deinadieu/">Devenir partenaire</a></div>
</div>
</div>
</div>

<p>Nous attendons votre message Vous avez des demandes ou des informations pour DeinAdieu ? Vous avez des suggestions, des souhaits ou des critiques concernant notre portail ? Veuillez prendre contact avec nous et nous vous répondrons. Contact &amp; exploitation Opérateur EMNA Web AGLimmatstrasse 658005 ZurichSuisse Questions techniquessupport@deinadieu.ch DeinAdieu ne fournit pas de conseils juridiques. Contact [&hellip;]</p>

<title>Contact - DeinAdieu peut être contacté par courriel ou par téléphone.</title>
<meta name="description" content="DeinAdieu - Le premier portail de dialogue et de services pour la dernière phase de la vie vous souhaite la bienvenue sur son site internet." />
<meta name="robots" content="index, follow, max-snippet:-1, max-image-preview:large, max-video-preview:-1" />
<link rel="canonical" href="https://www.deinadieu.ch/fr/contact/" />
<meta property="og:locale" content="fr_FR" />
<meta property="og:type" content="article" />
<meta property="og:title" content="contact" />
<meta property="og:description" content="Nous attendons votre message Vous avez des demandes ou des informations pour DeinAdieu ? Vous avez des suggestions, des souhaits ou des critiques" />
<meta property="og:url" content="https://www.deinadieu.ch/fr/contact/" />
<meta property="og:site_name" content="DeinAdieu.ch" />
<meta property="article:publisher" content="https://www.facebook.com/deinadieu" />
<meta property="article:modified_time" content="2025-02-11T11:13:30+00:00" />
<meta name="twitter:card" content="summary_large_image" />
<meta name="twitter:site" content="@DeinAdieu" />
<script type="application/ld+json" class="yoast-schema-graph">{"@context":"https:\/\/schema.org","@graph":[{"@type":"WebPage","@id":"https:\/\/www.deinadieu.ch\/fr\/contact\/","url":"https:\/\/www.deinadieu.ch\/fr\/contact\/","name":"Contact - DeinAdieu peut être contacté par courriel ou par téléphone.","isPartOf":{"@id":"https:\/\/www.deinadieu.ch\/fr\/#website"},"datePublished":"2016-05-13T18:02:37+00:00","dateModified":"2025-02-11T11:13:30+00:00","description":"DeinAdieu - Le premier portail de dialogue et de services pour la dernière phase de la vie vous souhaite la bienvenue sur son site internet.","breadcrumb":{"@id":"https:\/\/www.deinadieu.ch\/fr\/contact\/#breadcrumb"},"inLanguage":"fr-FR","potentialAction":[{"@type":"ReadAction","target":["https:\/\/www.deinadieu.ch\/fr\/contact\/"]}]},{"@type":"BreadcrumbList","@id":"https:\/\/www.deinadieu.ch\/fr\/contact\/#breadcrumb","itemListElement":[{"@type":"ListItem","position":1,"name":"Home","item":"https:\/\/www.deinadieu.ch\/fr\/deinadieu-dialog-und-serviceportal-zum-lebensende\/"},{"@type":"ListItem","position":2,"name":"contact"}]},{"@type":"WebSite","@id":"https:\/\/www.deinadieu.ch\/fr\/#website","url":"https:\/\/www.deinadieu.ch\/fr\/","name":"DeinAdieu.ch","description":"Testament, Patientenverfügung und Vorsorgeauftrag","publisher":{"@id":"https:\/\/www.deinadieu.ch\/fr\/#organization"},"potentialAction":[{"@type":"SearchAction","target":{"@type":"EntryPoint","urlTemplate":"https:\/\/www.deinadieu.ch\/fr\/?s={search_term_string}"},"query-input":{"@type":"PropertyValueSpecification","valueRequired":true,"valueName":"search_term_string"}}],"inLanguage":"fr-FR"},{"@type":"Organization","@id":"https:\/\/www.deinadieu.ch\/fr\/#organization","name":"EMNA Web GmbH","url":"https:\/\/www.deinadieu.ch\/fr\/","logo":{"@type":"ImageObject","inLanguage":"fr-FR","@id":"https:\/\/www.deinadieu.ch\/fr\/#\/schema\/logo\/image\/","url":"https:\/\/www.deinadieu.ch\/wp-content\/uploads\/2016\/01\/DeinAdieu_Logo.png","contentUrl":"https:\/\/www.deinadieu.ch\/wp-content\/uploads\/2016\/01\/DeinAdieu_Logo.png","width":300,"height":117,"caption":"EMNA Web GmbH"},"image":{"@id":"https:\/\/www.deinadieu.ch\/fr\/#\/schema\/logo\/image\/"},"sameAs":["https:\/\/www.facebook.com\/deinadieu","https:\/\/x.com\/DeinAdieu","https:\/\/www.instagram.com\/deinadieu\/","https:\/\/www.linkedin.com\/company\/deinadieu.ch"]}]}</script>

Contact - DeinAdieu peut être contacté par courriel ou par téléphone.

DeinAdieu - Le premier portail de dialogue et de services pour la dernière phase de la vie vous souhaite la bienvenue sur son site internet.

Testament, Patientenverfügung und Vorsorgeauftrag
