{"id":67245,"date":"2020-02-27T09:53:48","date_gmt":"2020-02-27T08:53:48","guid":{"rendered":"https:\/\/www.deinadieu.ch\/faq\/comment-la-valeur-de-la-maison-familiale-est-elle-calculee-dans-la-succession\/"},"modified":"2024-03-25T15:26:58","modified_gmt":"2024-03-25T14:26:58","slug":"comment-la-valeur-de-la-maison-familiale-est-elle-calculee-dans-la-succession","status":"publish","type":"da_faq","link":"https:\/\/www.deinadieu.ch\/fr\/faq\/comment-la-valeur-de-la-maison-familiale-est-elle-calculee-dans-la-succession\/","title":{"rendered":"Comment la valeur de la maison familiale est-elle calcul\u00e9e dans la succession ?"},"content":{"rendered":"\n<p>Quelle valeur dois-je fixer pour la maison familiale dans la succession ? Est-ce la valeur fiscale de la maison ?<\/p>\n\n<!--more Weiterlesen-->\n\n<p>La r\u00e9ponse \u00e0 votre question se trouve dans le Code civil. Conform\u00e9ment \u00e0 l&#8217;art. 617 CC, la valeur v\u00e9nale au moment du partage de la succession est d\u00e9terminante. Cette valeur est utilis\u00e9e pour garantir l&#8217;\u00e9galit\u00e9 de traitement entre les h\u00e9ritiers. Pour d\u00e9terminer la valeur v\u00e9nale, on peut faire \u00e9tablir une estimation par des estimateurs immobiliers \/ des \u00e9valuateurs de biens immobiliers. En r\u00e8gle g\u00e9n\u00e9rale, la valeur fiscale est nettement inf\u00e9rieure \u00e0 la valeur v\u00e9nale. Les h\u00e9ritiers peuvent \u00e9galement se mettre d&#8217;accord sur une certaine valeur. Dans ce cas, l&#8217;unanimit\u00e9 est toutefois requise. Il est pr\u00e9f\u00e9rable de se baser sur une estimation afin d&#8217;\u00e9viter toute discussion ult\u00e9rieure. En cas de d\u00e9saccord entre les h\u00e9ritiers, une estimation officielle est effectu\u00e9e conform\u00e9ment \u00e0 l&#8217;art. 618 CC. <br\/>Dans le cas pr\u00e9sent, il serait donc judicieux de tenir compte du bien immobilier familial \u00e0 sa valeur v\u00e9nale. <\/p>\n\n<p><strong>Pour en savoir davantage sur le sujet<\/strong><br\/><a href=\"https:\/\/www.deinadieu.ch\/ratgeber\/immobilien-im-nachlass-was-sollte-der-erblasser-regeln\/\">Biens immobiliers dans la succession \u2013 Que devrait r\u00e9gler le de cujus ?<\/a><br\/><a href=\"https:\/\/www.deinadieu.ch\/ratgeber\/beim-steuerwert-genau-hinsehen\/\">Bien regarder la valeur fiscale<\/a><br\/><a href=\"https:\/\/www.deinadieu.ch\/ratgeber\/meine-tochter-bekommt-das-haus-was-kriegt-mein-sohn\/\">Ma fille re\u00e7oit la maison \u2013 Qu&#8217;obtient mon fils ?<\/a><\/p>\n\n<div style=\"height:40px\" aria-hidden=\"true\" class=\"wp-block-spacer\"><\/div>\n\n<div class=\"wp-block-buttons is-layout-flex wp-block-buttons-is-layout-flex\">\n<div class=\"wp-block-button\"><a class=\"wp-block-button__link wp-element-button\" href=\"https:\/\/app.deinadieu.ch\/testamentgenerator\">Etablir votre testament en ligne<\/a><\/div>\n<\/div>\n","protected":false},"author":4998,"parent":0,"comment_status":"open","ping_status":"closed","template":"","da_faq_categories":[1314,1384],"class_list":["post-67245","da_faq","type-da_faq","status-publish","hentry","da_faq_categories-erben","da_faq_categories-immobilien"],"acf":[],"yoast_head":"<title>Comment la valeur d&#039;un bien immobilier est-elle d\u00e9termin\u00e9e lors d&#039;une succession ? | DeinAdieu<\/title>\n<meta name=\"description\" content=\"Quelle est la valeur l\u00e9gale de la maison familiale pour les h\u00e9ritiers ? Existe-t-il une directive l\u00e9gale dans la loi suisse ?\" \/>\n<meta name=\"robots\" content=\"index, follow, max-snippet:-1, max-image-preview:large, max-video-preview:-1\" \/>\n<link rel=\"canonical\" href=\"https:\/\/www.deinadieu.ch\/fr\/faq\/comment-la-valeur-de-la-maison-familiale-est-elle-calculee-dans-la-succession\/\" \/>\n<meta property=\"og:locale\" content=\"fr_FR\" \/>\n<meta property=\"og:type\" content=\"article\" \/>\n<meta property=\"og:title\" content=\"Comment la valeur de la maison familiale est-elle calcul\u00e9e dans la succession ?\" \/>\n<meta property=\"og:description\" content=\"Quelle valeur dois-je fixer pour la maison familiale dans la succession ? Est-ce la valeur fiscale de la maison ? La r\u00e9ponse \u00e0 votre question se trouve\" \/>\n<meta property=\"og:url\" content=\"https:\/\/www.deinadieu.ch\/fr\/faq\/comment-la-valeur-de-la-maison-familiale-est-elle-calculee-dans-la-succession\/\" \/>\n<meta property=\"og:site_name\" content=\"DeinAdieu.ch\" \/>\n<meta property=\"article:publisher\" content=\"https:\/\/www.facebook.com\/deinadieu\" \/>\n<meta property=\"article:modified_time\" content=\"2024-03-25T14:26:58+00:00\" \/>\n<meta name=\"twitter:card\" content=\"summary_large_image\" \/>\n<meta name=\"twitter:site\" content=\"@DeinAdieu\" \/>\n<meta name=\"twitter:label1\" content=\"Est. reading time\" \/>\n\t<meta name=\"twitter:data1\" content=\"1 minute\" \/>\n<script type=\"application\/ld+json\" class=\"yoast-schema-graph\">{\"@context\":\"https:\\\/\\\/schema.org\",\"@graph\":[{\"@type\":\"WebPage\",\"@id\":\"https:\\\/\\\/www.deinadieu.ch\\\/fr\\\/faq\\\/comment-la-valeur-de-la-maison-familiale-est-elle-calculee-dans-la-succession\\\/\",\"url\":\"https:\\\/\\\/www.deinadieu.ch\\\/fr\\\/faq\\\/comment-la-valeur-de-la-maison-familiale-est-elle-calculee-dans-la-succession\\\/\",\"name\":\"Comment la valeur d'un bien immobilier est-elle d\u00e9termin\u00e9e lors d'une succession ? | DeinAdieu\",\"isPartOf\":{\"@id\":\"https:\\\/\\\/www.deinadieu.ch\\\/fr\\\/#website\"},\"datePublished\":\"2020-02-27T08:53:48+00:00\",\"dateModified\":\"2024-03-25T14:26:58+00:00\",\"description\":\"Quelle est la valeur l\u00e9gale de la maison familiale pour les h\u00e9ritiers ? Existe-t-il une directive l\u00e9gale dans la loi suisse ?\",\"breadcrumb\":{\"@id\":\"https:\\\/\\\/www.deinadieu.ch\\\/fr\\\/faq\\\/comment-la-valeur-de-la-maison-familiale-est-elle-calculee-dans-la-succession\\\/#breadcrumb\"},\"inLanguage\":\"fr-FR\",\"potentialAction\":[{\"@type\":\"ReadAction\",\"target\":[\"https:\\\/\\\/www.deinadieu.ch\\\/fr\\\/faq\\\/comment-la-valeur-de-la-maison-familiale-est-elle-calculee-dans-la-succession\\\/\"]}]},{\"@type\":\"BreadcrumbList\",\"@id\":\"https:\\\/\\\/www.deinadieu.ch\\\/fr\\\/faq\\\/comment-la-valeur-de-la-maison-familiale-est-elle-calculee-dans-la-succession\\\/#breadcrumb\",\"itemListElement\":[{\"@type\":\"ListItem\",\"position\":1,\"name\":\"Home\",\"item\":\"https:\\\/\\\/www.deinadieu.ch\\\/fr\\\/deinadieu-dialog-und-serviceportal-zum-lebensende\\\/\"},{\"@type\":\"ListItem\",\"position\":2,\"name\":\"FAQ's\",\"item\":\"https:\\\/\\\/www.deinadieu.ch\\\/fr\\\/faq\\\/\"},{\"@type\":\"ListItem\",\"position\":3,\"name\":\"Comment la valeur de la maison familiale est-elle calcul\u00e9e dans la succession ?\"}]},{\"@type\":\"WebSite\",\"@id\":\"https:\\\/\\\/www.deinadieu.ch\\\/fr\\\/#website\",\"url\":\"https:\\\/\\\/www.deinadieu.ch\\\/fr\\\/\",\"name\":\"DeinAdieu.ch\",\"description\":\"Testament, Patientenverf\u00fcgung und Vorsorgeauftrag\",\"publisher\":{\"@id\":\"https:\\\/\\\/www.deinadieu.ch\\\/fr\\\/#organization\"},\"potentialAction\":[{\"@type\":\"SearchAction\",\"target\":{\"@type\":\"EntryPoint\",\"urlTemplate\":\"https:\\\/\\\/www.deinadieu.ch\\\/fr\\\/?s={search_term_string}\"},\"query-input\":{\"@type\":\"PropertyValueSpecification\",\"valueRequired\":true,\"valueName\":\"search_term_string\"}}],\"inLanguage\":\"fr-FR\"},{\"@type\":\"Organization\",\"@id\":\"https:\\\/\\\/www.deinadieu.ch\\\/fr\\\/#organization\",\"name\":\"EMNA Web GmbH\",\"url\":\"https:\\\/\\\/www.deinadieu.ch\\\/fr\\\/\",\"logo\":{\"@type\":\"ImageObject\",\"inLanguage\":\"fr-FR\",\"@id\":\"https:\\\/\\\/www.deinadieu.ch\\\/fr\\\/#\\\/schema\\\/logo\\\/image\\\/\",\"url\":\"https:\\\/\\\/www.deinadieu.ch\\\/wp-content\\\/uploads\\\/2016\\\/01\\\/DeinAdieu_Logo.png\",\"contentUrl\":\"https:\\\/\\\/www.deinadieu.ch\\\/wp-content\\\/uploads\\\/2016\\\/01\\\/DeinAdieu_Logo.png\",\"width\":300,\"height\":117,\"caption\":\"EMNA Web GmbH\"},\"image\":{\"@id\":\"https:\\\/\\\/www.deinadieu.ch\\\/fr\\\/#\\\/schema\\\/logo\\\/image\\\/\"},\"sameAs\":[\"https:\\\/\\\/www.facebook.com\\\/deinadieu\",\"https:\\\/\\\/x.com\\\/DeinAdieu\",\"https:\\\/\\\/www.instagram.com\\\/deinadieu\\\/\",\"https:\\\/\\\/www.linkedin.com\\\/company\\\/deinadieu.ch\"]}]}<\/script>","yoast_head_json":{"title":"Comment la valeur d'un bien immobilier est-elle d\u00e9termin\u00e9e lors d'une succession ? | DeinAdieu","description":"Quelle est la valeur l\u00e9gale de la maison familiale pour les h\u00e9ritiers ? Existe-t-il une directive l\u00e9gale dans la loi suisse ?","robots":{"index":"index","follow":"follow","max-snippet":"max-snippet:-1","max-image-preview":"max-image-preview:large","max-video-preview":"max-video-preview:-1"},"canonical":"https:\/\/www.deinadieu.ch\/fr\/faq\/comment-la-valeur-de-la-maison-familiale-est-elle-calculee-dans-la-succession\/","og_locale":"fr_FR","og_type":"article","og_title":"Comment la valeur de la maison familiale est-elle calcul\u00e9e dans la succession ?","og_description":"Quelle valeur dois-je fixer pour la maison familiale dans la succession ? Est-ce la valeur fiscale de la maison ? La r\u00e9ponse \u00e0 votre question se trouve","og_url":"https:\/\/www.deinadieu.ch\/fr\/faq\/comment-la-valeur-de-la-maison-familiale-est-elle-calculee-dans-la-succession\/","og_site_name":"DeinAdieu.ch","article_publisher":"https:\/\/www.facebook.com\/deinadieu","article_modified_time":"2024-03-25T14:26:58+00:00","twitter_card":"summary_large_image","twitter_site":"@DeinAdieu","twitter_misc":{"Est. reading time":"1 minute"},"schema":{"@context":"https:\/\/schema.org","@graph":[{"@type":"WebPage","@id":"https:\/\/www.deinadieu.ch\/fr\/faq\/comment-la-valeur-de-la-maison-familiale-est-elle-calculee-dans-la-succession\/","url":"https:\/\/www.deinadieu.ch\/fr\/faq\/comment-la-valeur-de-la-maison-familiale-est-elle-calculee-dans-la-succession\/","name":"Comment la valeur d'un bien immobilier est-elle d\u00e9termin\u00e9e lors d'une succession ? | DeinAdieu","isPartOf":{"@id":"https:\/\/www.deinadieu.ch\/fr\/#website"},"datePublished":"2020-02-27T08:53:48+00:00","dateModified":"2024-03-25T14:26:58+00:00","description":"Quelle est la valeur l\u00e9gale de la maison familiale pour les h\u00e9ritiers ? Existe-t-il une directive l\u00e9gale dans la loi suisse ?","breadcrumb":{"@id":"https:\/\/www.deinadieu.ch\/fr\/faq\/comment-la-valeur-de-la-maison-familiale-est-elle-calculee-dans-la-succession\/#breadcrumb"},"inLanguage":"fr-FR","potentialAction":[{"@type":"ReadAction","target":["https:\/\/www.deinadieu.ch\/fr\/faq\/comment-la-valeur-de-la-maison-familiale-est-elle-calculee-dans-la-succession\/"]}]},{"@type":"BreadcrumbList","@id":"https:\/\/www.deinadieu.ch\/fr\/faq\/comment-la-valeur-de-la-maison-familiale-est-elle-calculee-dans-la-succession\/#breadcrumb","itemListElement":[{"@type":"ListItem","position":1,"name":"Home","item":"https:\/\/www.deinadieu.ch\/fr\/deinadieu-dialog-und-serviceportal-zum-lebensende\/"},{"@type":"ListItem","position":2,"name":"FAQ's","item":"https:\/\/www.deinadieu.ch\/fr\/faq\/"},{"@type":"ListItem","position":3,"name":"Comment la valeur de la maison familiale est-elle calcul\u00e9e dans la succession ?"}]},{"@type":"WebSite","@id":"https:\/\/www.deinadieu.ch\/fr\/#website","url":"https:\/\/www.deinadieu.ch\/fr\/","name":"DeinAdieu.ch","description":"Testament, Patientenverf\u00fcgung und Vorsorgeauftrag","publisher":{"@id":"https:\/\/www.deinadieu.ch\/fr\/#organization"},"potentialAction":[{"@type":"SearchAction","target":{"@type":"EntryPoint","urlTemplate":"https:\/\/www.deinadieu.ch\/fr\/?s={search_term_string}"},"query-input":{"@type":"PropertyValueSpecification","valueRequired":true,"valueName":"search_term_string"}}],"inLanguage":"fr-FR"},{"@type":"Organization","@id":"https:\/\/www.deinadieu.ch\/fr\/#organization","name":"EMNA Web GmbH","url":"https:\/\/www.deinadieu.ch\/fr\/","logo":{"@type":"ImageObject","inLanguage":"fr-FR","@id":"https:\/\/www.deinadieu.ch\/fr\/#\/schema\/logo\/image\/","url":"https:\/\/www.deinadieu.ch\/wp-content\/uploads\/2016\/01\/DeinAdieu_Logo.png","contentUrl":"https:\/\/www.deinadieu.ch\/wp-content\/uploads\/2016\/01\/DeinAdieu_Logo.png","width":300,"height":117,"caption":"EMNA Web GmbH"},"image":{"@id":"https:\/\/www.deinadieu.ch\/fr\/#\/schema\/logo\/image\/"},"sameAs":["https:\/\/www.facebook.com\/deinadieu","https:\/\/x.com\/DeinAdieu","https:\/\/www.instagram.com\/deinadieu\/","https:\/\/www.linkedin.com\/company\/deinadieu.ch"]}]}},"_links":{"self":[{"href":"https:\/\/www.deinadieu.ch\/fr\/wp-json\/wp\/v2\/da_faq\/67245","targetHints":{"allow":["GET"]}}],"collection":[{"href":"https:\/\/www.deinadieu.ch\/fr\/wp-json\/wp\/v2\/da_faq"}],"about":[{"href":"https:\/\/www.deinadieu.ch\/fr\/wp-json\/wp\/v2\/types\/da_faq"}],"author":[{"embeddable":true,"href":"https:\/\/www.deinadieu.ch\/fr\/wp-json\/wp\/v2\/users\/4998"}],"replies":[{"embeddable":true,"href":"https:\/\/www.deinadieu.ch\/fr\/wp-json\/wp\/v2\/comments?post=67245"}],"version-history":[{"count":1,"href":"https:\/\/www.deinadieu.ch\/fr\/wp-json\/wp\/v2\/da_faq\/67245\/revisions"}],"predecessor-version":[{"id":67251,"href":"https:\/\/www.deinadieu.ch\/fr\/wp-json\/wp\/v2\/da_faq\/67245\/revisions\/67251"}],"wp:attachment":[{"href":"https:\/\/www.deinadieu.ch\/fr\/wp-json\/wp\/v2\/media?parent=67245"}],"wp:term":[{"taxonomy":"da_faq_categories","embeddable":true,"href":"https:\/\/www.deinadieu.ch\/fr\/wp-json\/wp\/v2\/da_faq_categories?post=67245"}],"curies":[{"name":"wp","href":"https:\/\/api.w.org\/{rel}","templated":true}]}}

Comment la valeur de la maison familiale est-elle calculée dans la succession ?

<p>Quelle valeur dois-je fixer pour la maison familiale dans la succession ? Est-ce la valeur fiscale de la maison ?</p>

<!--more Weiterlesen-->

<p>La réponse à votre question se trouve dans le Code civil. Conformément à l&#8217;art. 617 CC, la valeur vénale au moment du partage de la succession est déterminante. Cette valeur est utilisée pour garantir l&#8217;égalité de traitement entre les héritiers. Pour déterminer la valeur vénale, on peut faire établir une estimation par des estimateurs immobiliers / des évaluateurs de biens immobiliers. En règle générale, la valeur fiscale est nettement inférieure à la valeur vénale. Les héritiers peuvent également se mettre d&#8217;accord sur une certaine valeur. Dans ce cas, l&#8217;unanimité est toutefois requise. Il est préférable de se baser sur une estimation afin d&#8217;éviter toute discussion ultérieure. En cas de désaccord entre les héritiers, une estimation officielle est effectuée conformément à l&#8217;art. 618 CC. <br/>Dans le cas présent, il serait donc judicieux de tenir compte du bien immobilier familial à sa valeur vénale. </p>

<p><strong>Pour en savoir davantage sur le sujet</strong><br/><a href="https://www.deinadieu.ch/ratgeber/immobilien-im-nachlass-was-sollte-der-erblasser-regeln/">Biens immobiliers dans la succession – Que devrait régler le de cujus ?</a><br/><a href="https://www.deinadieu.ch/ratgeber/beim-steuerwert-genau-hinsehen/">Bien regarder la valeur fiscale</a><br/><a href="https://www.deinadieu.ch/ratgeber/meine-tochter-bekommt-das-haus-was-kriegt-mein-sohn/">Ma fille reçoit la maison – Qu&#8217;obtient mon fils ?</a></p>

<div style="height:40px" aria-hidden="true" class="wp-block-spacer"></div>

<div class="wp-block-buttons is-layout-flex wp-block-buttons-is-layout-flex">
<div class="wp-block-button"><a class="wp-block-button__link wp-element-button" href="https://app.deinadieu.ch/testamentgenerator">Etablir votre testament en ligne</a></div>
</div>

<title>Comment la valeur d&#039;un bien immobilier est-elle déterminée lors d&#039;une succession ? | DeinAdieu</title>
<meta name="description" content="Quelle est la valeur légale de la maison familiale pour les héritiers ? Existe-t-il une directive légale dans la loi suisse ?" />
<meta name="robots" content="index, follow, max-snippet:-1, max-image-preview:large, max-video-preview:-1" />
<link rel="canonical" href="https://www.deinadieu.ch/fr/faq/comment-la-valeur-de-la-maison-familiale-est-elle-calculee-dans-la-succession/" />
<meta property="og:locale" content="fr_FR" />
<meta property="og:type" content="article" />
<meta property="og:title" content="Comment la valeur de la maison familiale est-elle calculée dans la succession ?" />
<meta property="og:description" content="Quelle valeur dois-je fixer pour la maison familiale dans la succession ? Est-ce la valeur fiscale de la maison ? La réponse à votre question se trouve" />
<meta property="og:url" content="https://www.deinadieu.ch/fr/faq/comment-la-valeur-de-la-maison-familiale-est-elle-calculee-dans-la-succession/" />
<meta property="og:site_name" content="DeinAdieu.ch" />
<meta property="article:publisher" content="https://www.facebook.com/deinadieu" />
<meta property="article:modified_time" content="2024-03-25T14:26:58+00:00" />
<meta name="twitter:card" content="summary_large_image" />
<meta name="twitter:site" content="@DeinAdieu" />
<meta name="twitter:label1" content="Est. reading time" />
	<meta name="twitter:data1" content="1 minute" />
<script type="application/ld+json" class="yoast-schema-graph">{"@context":"https:\/\/schema.org","@graph":[{"@type":"WebPage","@id":"https:\/\/www.deinadieu.ch\/fr\/faq\/comment-la-valeur-de-la-maison-familiale-est-elle-calculee-dans-la-succession\/","url":"https:\/\/www.deinadieu.ch\/fr\/faq\/comment-la-valeur-de-la-maison-familiale-est-elle-calculee-dans-la-succession\/","name":"Comment la valeur d'un bien immobilier est-elle déterminée lors d'une succession ? | DeinAdieu","isPartOf":{"@id":"https:\/\/www.deinadieu.ch\/fr\/#website"},"datePublished":"2020-02-27T08:53:48+00:00","dateModified":"2024-03-25T14:26:58+00:00","description":"Quelle est la valeur légale de la maison familiale pour les héritiers ? Existe-t-il une directive légale dans la loi suisse ?","breadcrumb":{"@id":"https:\/\/www.deinadieu.ch\/fr\/faq\/comment-la-valeur-de-la-maison-familiale-est-elle-calculee-dans-la-succession\/#breadcrumb"},"inLanguage":"fr-FR","potentialAction":[{"@type":"ReadAction","target":["https:\/\/www.deinadieu.ch\/fr\/faq\/comment-la-valeur-de-la-maison-familiale-est-elle-calculee-dans-la-succession\/"]}]},{"@type":"BreadcrumbList","@id":"https:\/\/www.deinadieu.ch\/fr\/faq\/comment-la-valeur-de-la-maison-familiale-est-elle-calculee-dans-la-succession\/#breadcrumb","itemListElement":[{"@type":"ListItem","position":1,"name":"Home","item":"https:\/\/www.deinadieu.ch\/fr\/deinadieu-dialog-und-serviceportal-zum-lebensende\/"},{"@type":"ListItem","position":2,"name":"FAQ's","item":"https:\/\/www.deinadieu.ch\/fr\/faq\/"},{"@type":"ListItem","position":3,"name":"Comment la valeur de la maison familiale est-elle calculée dans la succession ?"}]},{"@type":"WebSite","@id":"https:\/\/www.deinadieu.ch\/fr\/#website","url":"https:\/\/www.deinadieu.ch\/fr\/","name":"DeinAdieu.ch","description":"Testament, Patientenverfügung und Vorsorgeauftrag","publisher":{"@id":"https:\/\/www.deinadieu.ch\/fr\/#organization"},"potentialAction":[{"@type":"SearchAction","target":{"@type":"EntryPoint","urlTemplate":"https:\/\/www.deinadieu.ch\/fr\/?s={search_term_string}"},"query-input":{"@type":"PropertyValueSpecification","valueRequired":true,"valueName":"search_term_string"}}],"inLanguage":"fr-FR"},{"@type":"Organization","@id":"https:\/\/www.deinadieu.ch\/fr\/#organization","name":"EMNA Web GmbH","url":"https:\/\/www.deinadieu.ch\/fr\/","logo":{"@type":"ImageObject","inLanguage":"fr-FR","@id":"https:\/\/www.deinadieu.ch\/fr\/#\/schema\/logo\/image\/","url":"https:\/\/www.deinadieu.ch\/wp-content\/uploads\/2016\/01\/DeinAdieu_Logo.png","contentUrl":"https:\/\/www.deinadieu.ch\/wp-content\/uploads\/2016\/01\/DeinAdieu_Logo.png","width":300,"height":117,"caption":"EMNA Web GmbH"},"image":{"@id":"https:\/\/www.deinadieu.ch\/fr\/#\/schema\/logo\/image\/"},"sameAs":["https:\/\/www.facebook.com\/deinadieu","https:\/\/x.com\/DeinAdieu","https:\/\/www.instagram.com\/deinadieu\/","https:\/\/www.linkedin.com\/company\/deinadieu.ch"]}]}</script>

Comment la valeur d'un bien immobilier est-elle déterminée lors d'une succession ? | DeinAdieu

Quelle est la valeur légale de la maison familiale pour les héritiers ? Existe-t-il une directive légale dans la loi suisse ?

Quelle valeur dois-je fixer pour la maison familiale dans la succession ? Est-ce la valeur fiscale de la maison ? La réponse à votre question se trouve

Testament, Patientenverfügung und Vorsorgeauftrag
