{"id":67240,"date":"2019-10-06T18:01:39","date_gmt":"2019-10-06T16:01:39","guid":{"rendered":"https:\/\/www.deinadieu.ch\/faq\/comment-neutraliser-lapea\/"},"modified":"2024-06-21T10:12:23","modified_gmt":"2024-06-21T08:12:23","slug":"comment-neutraliser-lapea","status":"publish","type":"da_faq","link":"https:\/\/www.deinadieu.ch\/fr\/faq\/comment-neutraliser-lapea\/","title":{"rendered":"Comment neutraliser l&#8217;APEA ?"},"content":{"rendered":"\n<!--more-->\n\n<p>L&#8217;APEA ne peut pas \u00eatre \u00e9cart\u00e9e, pas plus que le juge. Cette possibilit\u00e9 n&#8217;existe pas. L&#8217;APEA a ses domaines de comp\u00e9tence. Par exemple, si une curatelle est institu\u00e9e et qu&#8217;il n&#8217;y a pas de mandat pour cause d&#8217;inaptitude, l&#8217;APEA a davantage de libert\u00e9. Un <a href=\"https:\/\/www.deinadieu.ch\/fr\/mandat-pour-cause-d-inaptitude\/\">mandat pour cause d&#8217;inaptitude<\/a> permet toutefois de limiter quelque peu la libert\u00e9 de d\u00e9cision de l&#8217;APEA. Par cons\u00e9quent, il vaut la peine de prendre des dispositions suffisamment t\u00f4t pour que l&#8217;APEA puisse \u00e9galement r\u00e9pondre \u00e0 vos souhaits si elle est appel\u00e9e \u00e0 intervenir ou pour que l&#8217;APEA ne doive pas intervenir du tout. <\/p>\n\n<p><strong>Pour en savoir davantage sur le sujet<\/strong><br\/><a href=\"https:\/\/www.deinadieu.ch\/ratgeber\/vorsorgeauftrag-statt-kesb-massnahmen\/\">Un mandat pour cause d&#8217;inaptitude au lieu des mesures de l&#8217;APEA<\/a><br\/><a href=\"https:\/\/www.deinadieu.ch\/fr\/conseiller\/quest-ce-que-lapea-peut-ou-ne-peut-pas-faire\/\">Qu&#8217;est-ce que l&#8217;APEA peut (ou ne peut pas) faire ?<\/a><br\/><a href=\"https:\/\/www.deinadieu.ch\/ratgeber\/wie-wehre-ich-mich\/\">L&#8217;APEA \u2013 Comment et contre quoi est-ce que je me d\u00e9fends ?<\/a><\/p>\n\n<div style=\"height:40px\" aria-hidden=\"true\" class=\"wp-block-spacer\"><\/div>\n\n<div class=\"wp-block-buttons is-layout-flex wp-block-buttons-is-layout-flex\">\n<div class=\"wp-block-button\"><a class=\"wp-block-button__link wp-element-button\" href=\"https:\/\/app.deinadieu.ch\/vorsorgeauftrag\">Etablir un mandat pour cause d&#8217;inaptitude en ligne<\/a><\/div>\n<\/div>\n","protected":false},"author":4998,"parent":0,"comment_status":"open","ping_status":"closed","template":"","da_faq_categories":[1316],"class_list":["post-67240","da_faq","type-da_faq","status-publish","hentry","da_faq_categories-vorsorgeauftrag"],"acf":[],"yoast_head":"<title>Comment neutraliser l&#039;APEA ? | DeinAdieu<\/title>\n<meta name=\"description\" content=\"Comment neutraliser l&#039;APEA ? Peut-on limiter quelque peu la libert\u00e9 de d\u00e9cision de l&#039;APEA avec un mandat pour cause d&#039;inaptitude ?\" \/>\n<meta name=\"robots\" content=\"index, follow, max-snippet:-1, max-image-preview:large, max-video-preview:-1\" \/>\n<link rel=\"canonical\" href=\"https:\/\/www.deinadieu.ch\/fr\/faq\/comment-neutraliser-lapea\/\" \/>\n<meta property=\"og:locale\" content=\"fr_FR\" \/>\n<meta property=\"og:type\" content=\"article\" \/>\n<meta property=\"og:title\" content=\"Comment neutraliser l&#039;APEA ?\" \/>\n<meta property=\"og:description\" content=\"L&#039;APEA ne peut pas \u00eatre \u00e9cart\u00e9e, pas plus que le juge. Cette possibilit\u00e9 n&#039;existe pas. L&#039;APEA a ses domaines de comp\u00e9tence. Par exemple, si une curatelle\" \/>\n<meta property=\"og:url\" content=\"https:\/\/www.deinadieu.ch\/fr\/faq\/comment-neutraliser-lapea\/\" \/>\n<meta property=\"og:site_name\" content=\"DeinAdieu.ch\" \/>\n<meta property=\"article:publisher\" content=\"https:\/\/www.facebook.com\/deinadieu\" \/>\n<meta property=\"article:modified_time\" content=\"2024-06-21T08:12:23+00:00\" \/>\n<meta name=\"twitter:card\" content=\"summary_large_image\" \/>\n<meta name=\"twitter:site\" content=\"@DeinAdieu\" \/>\n<meta name=\"twitter:label1\" content=\"Est. reading time\" \/>\n\t<meta name=\"twitter:data1\" content=\"1 minute\" \/>\n<script type=\"application\/ld+json\" class=\"yoast-schema-graph\">{\"@context\":\"https:\\\/\\\/schema.org\",\"@graph\":[{\"@type\":\"WebPage\",\"@id\":\"https:\\\/\\\/www.deinadieu.ch\\\/fr\\\/faq\\\/comment-neutraliser-lapea\\\/\",\"url\":\"https:\\\/\\\/www.deinadieu.ch\\\/fr\\\/faq\\\/comment-neutraliser-lapea\\\/\",\"name\":\"Comment neutraliser l'APEA ? | DeinAdieu\",\"isPartOf\":{\"@id\":\"https:\\\/\\\/www.deinadieu.ch\\\/fr\\\/#website\"},\"datePublished\":\"2019-10-06T16:01:39+00:00\",\"dateModified\":\"2024-06-21T08:12:23+00:00\",\"description\":\"Comment neutraliser l'APEA ? Peut-on limiter quelque peu la libert\u00e9 de d\u00e9cision de l'APEA avec un mandat pour cause d'inaptitude ?\",\"breadcrumb\":{\"@id\":\"https:\\\/\\\/www.deinadieu.ch\\\/fr\\\/faq\\\/comment-neutraliser-lapea\\\/#breadcrumb\"},\"inLanguage\":\"fr-FR\",\"potentialAction\":[{\"@type\":\"ReadAction\",\"target\":[\"https:\\\/\\\/www.deinadieu.ch\\\/fr\\\/faq\\\/comment-neutraliser-lapea\\\/\"]}]},{\"@type\":\"BreadcrumbList\",\"@id\":\"https:\\\/\\\/www.deinadieu.ch\\\/fr\\\/faq\\\/comment-neutraliser-lapea\\\/#breadcrumb\",\"itemListElement\":[{\"@type\":\"ListItem\",\"position\":1,\"name\":\"Home\",\"item\":\"https:\\\/\\\/www.deinadieu.ch\\\/fr\\\/deinadieu-dialog-und-serviceportal-zum-lebensende\\\/\"},{\"@type\":\"ListItem\",\"position\":2,\"name\":\"FAQ's\",\"item\":\"https:\\\/\\\/www.deinadieu.ch\\\/fr\\\/faq\\\/\"},{\"@type\":\"ListItem\",\"position\":3,\"name\":\"Comment neutraliser l&#8217;APEA ?\"}]},{\"@type\":\"WebSite\",\"@id\":\"https:\\\/\\\/www.deinadieu.ch\\\/fr\\\/#website\",\"url\":\"https:\\\/\\\/www.deinadieu.ch\\\/fr\\\/\",\"name\":\"DeinAdieu.ch\",\"description\":\"Testament, Patientenverf\u00fcgung und Vorsorgeauftrag\",\"publisher\":{\"@id\":\"https:\\\/\\\/www.deinadieu.ch\\\/fr\\\/#organization\"},\"potentialAction\":[{\"@type\":\"SearchAction\",\"target\":{\"@type\":\"EntryPoint\",\"urlTemplate\":\"https:\\\/\\\/www.deinadieu.ch\\\/fr\\\/?s={search_term_string}\"},\"query-input\":{\"@type\":\"PropertyValueSpecification\",\"valueRequired\":true,\"valueName\":\"search_term_string\"}}],\"inLanguage\":\"fr-FR\"},{\"@type\":\"Organization\",\"@id\":\"https:\\\/\\\/www.deinadieu.ch\\\/fr\\\/#organization\",\"name\":\"EMNA Web GmbH\",\"url\":\"https:\\\/\\\/www.deinadieu.ch\\\/fr\\\/\",\"logo\":{\"@type\":\"ImageObject\",\"inLanguage\":\"fr-FR\",\"@id\":\"https:\\\/\\\/www.deinadieu.ch\\\/fr\\\/#\\\/schema\\\/logo\\\/image\\\/\",\"url\":\"https:\\\/\\\/www.deinadieu.ch\\\/wp-content\\\/uploads\\\/2016\\\/01\\\/DeinAdieu_Logo.png\",\"contentUrl\":\"https:\\\/\\\/www.deinadieu.ch\\\/wp-content\\\/uploads\\\/2016\\\/01\\\/DeinAdieu_Logo.png\",\"width\":300,\"height\":117,\"caption\":\"EMNA Web GmbH\"},\"image\":{\"@id\":\"https:\\\/\\\/www.deinadieu.ch\\\/fr\\\/#\\\/schema\\\/logo\\\/image\\\/\"},\"sameAs\":[\"https:\\\/\\\/www.facebook.com\\\/deinadieu\",\"https:\\\/\\\/x.com\\\/DeinAdieu\",\"https:\\\/\\\/www.instagram.com\\\/deinadieu\\\/\",\"https:\\\/\\\/www.linkedin.com\\\/company\\\/deinadieu.ch\"]}]}<\/script>","yoast_head_json":{"title":"Comment neutraliser l'APEA ? | DeinAdieu","description":"Comment neutraliser l'APEA ? Peut-on limiter quelque peu la libert\u00e9 de d\u00e9cision de l'APEA avec un mandat pour cause d'inaptitude ?","robots":{"index":"index","follow":"follow","max-snippet":"max-snippet:-1","max-image-preview":"max-image-preview:large","max-video-preview":"max-video-preview:-1"},"canonical":"https:\/\/www.deinadieu.ch\/fr\/faq\/comment-neutraliser-lapea\/","og_locale":"fr_FR","og_type":"article","og_title":"Comment neutraliser l'APEA ?","og_description":"L'APEA ne peut pas \u00eatre \u00e9cart\u00e9e, pas plus que le juge. Cette possibilit\u00e9 n'existe pas. L'APEA a ses domaines de comp\u00e9tence. Par exemple, si une curatelle","og_url":"https:\/\/www.deinadieu.ch\/fr\/faq\/comment-neutraliser-lapea\/","og_site_name":"DeinAdieu.ch","article_publisher":"https:\/\/www.facebook.com\/deinadieu","article_modified_time":"2024-06-21T08:12:23+00:00","twitter_card":"summary_large_image","twitter_site":"@DeinAdieu","twitter_misc":{"Est. reading time":"1 minute"},"schema":{"@context":"https:\/\/schema.org","@graph":[{"@type":"WebPage","@id":"https:\/\/www.deinadieu.ch\/fr\/faq\/comment-neutraliser-lapea\/","url":"https:\/\/www.deinadieu.ch\/fr\/faq\/comment-neutraliser-lapea\/","name":"Comment neutraliser l'APEA ? | DeinAdieu","isPartOf":{"@id":"https:\/\/www.deinadieu.ch\/fr\/#website"},"datePublished":"2019-10-06T16:01:39+00:00","dateModified":"2024-06-21T08:12:23+00:00","description":"Comment neutraliser l'APEA ? Peut-on limiter quelque peu la libert\u00e9 de d\u00e9cision de l'APEA avec un mandat pour cause d'inaptitude ?","breadcrumb":{"@id":"https:\/\/www.deinadieu.ch\/fr\/faq\/comment-neutraliser-lapea\/#breadcrumb"},"inLanguage":"fr-FR","potentialAction":[{"@type":"ReadAction","target":["https:\/\/www.deinadieu.ch\/fr\/faq\/comment-neutraliser-lapea\/"]}]},{"@type":"BreadcrumbList","@id":"https:\/\/www.deinadieu.ch\/fr\/faq\/comment-neutraliser-lapea\/#breadcrumb","itemListElement":[{"@type":"ListItem","position":1,"name":"Home","item":"https:\/\/www.deinadieu.ch\/fr\/deinadieu-dialog-und-serviceportal-zum-lebensende\/"},{"@type":"ListItem","position":2,"name":"FAQ's","item":"https:\/\/www.deinadieu.ch\/fr\/faq\/"},{"@type":"ListItem","position":3,"name":"Comment neutraliser l&#8217;APEA ?"}]},{"@type":"WebSite","@id":"https:\/\/www.deinadieu.ch\/fr\/#website","url":"https:\/\/www.deinadieu.ch\/fr\/","name":"DeinAdieu.ch","description":"Testament, Patientenverf\u00fcgung und Vorsorgeauftrag","publisher":{"@id":"https:\/\/www.deinadieu.ch\/fr\/#organization"},"potentialAction":[{"@type":"SearchAction","target":{"@type":"EntryPoint","urlTemplate":"https:\/\/www.deinadieu.ch\/fr\/?s={search_term_string}"},"query-input":{"@type":"PropertyValueSpecification","valueRequired":true,"valueName":"search_term_string"}}],"inLanguage":"fr-FR"},{"@type":"Organization","@id":"https:\/\/www.deinadieu.ch\/fr\/#organization","name":"EMNA Web GmbH","url":"https:\/\/www.deinadieu.ch\/fr\/","logo":{"@type":"ImageObject","inLanguage":"fr-FR","@id":"https:\/\/www.deinadieu.ch\/fr\/#\/schema\/logo\/image\/","url":"https:\/\/www.deinadieu.ch\/wp-content\/uploads\/2016\/01\/DeinAdieu_Logo.png","contentUrl":"https:\/\/www.deinadieu.ch\/wp-content\/uploads\/2016\/01\/DeinAdieu_Logo.png","width":300,"height":117,"caption":"EMNA Web GmbH"},"image":{"@id":"https:\/\/www.deinadieu.ch\/fr\/#\/schema\/logo\/image\/"},"sameAs":["https:\/\/www.facebook.com\/deinadieu","https:\/\/x.com\/DeinAdieu","https:\/\/www.instagram.com\/deinadieu\/","https:\/\/www.linkedin.com\/company\/deinadieu.ch"]}]}},"_links":{"self":[{"href":"https:\/\/www.deinadieu.ch\/fr\/wp-json\/wp\/v2\/da_faq\/67240","targetHints":{"allow":["GET"]}}],"collection":[{"href":"https:\/\/www.deinadieu.ch\/fr\/wp-json\/wp\/v2\/da_faq"}],"about":[{"href":"https:\/\/www.deinadieu.ch\/fr\/wp-json\/wp\/v2\/types\/da_faq"}],"author":[{"embeddable":true,"href":"https:\/\/www.deinadieu.ch\/fr\/wp-json\/wp\/v2\/users\/4998"}],"replies":[{"embeddable":true,"href":"https:\/\/www.deinadieu.ch\/fr\/wp-json\/wp\/v2\/comments?post=67240"}],"version-history":[{"count":2,"href":"https:\/\/www.deinadieu.ch\/fr\/wp-json\/wp\/v2\/da_faq\/67240\/revisions"}],"predecessor-version":[{"id":67971,"href":"https:\/\/www.deinadieu.ch\/fr\/wp-json\/wp\/v2\/da_faq\/67240\/revisions\/67971"}],"wp:attachment":[{"href":"https:\/\/www.deinadieu.ch\/fr\/wp-json\/wp\/v2\/media?parent=67240"}],"wp:term":[{"taxonomy":"da_faq_categories","embeddable":true,"href":"https:\/\/www.deinadieu.ch\/fr\/wp-json\/wp\/v2\/da_faq_categories?post=67240"}],"curies":[{"name":"wp","href":"https:\/\/api.w.org\/{rel}","templated":true}]}}

<!--more-->

<p>L&#8217;APEA ne peut pas être écartée, pas plus que le juge. Cette possibilité n&#8217;existe pas. L&#8217;APEA a ses domaines de compétence. Par exemple, si une curatelle est instituée et qu&#8217;il n&#8217;y a pas de mandat pour cause d&#8217;inaptitude, l&#8217;APEA a davantage de liberté. Un <a href="https://www.deinadieu.ch/fr/mandat-pour-cause-d-inaptitude/">mandat pour cause d&#8217;inaptitude</a> permet toutefois de limiter quelque peu la liberté de décision de l&#8217;APEA. Par conséquent, il vaut la peine de prendre des dispositions suffisamment tôt pour que l&#8217;APEA puisse également répondre à vos souhaits si elle est appelée à intervenir ou pour que l&#8217;APEA ne doive pas intervenir du tout. </p>

<p><strong>Pour en savoir davantage sur le sujet</strong><br/><a href="https://www.deinadieu.ch/ratgeber/vorsorgeauftrag-statt-kesb-massnahmen/">Un mandat pour cause d&#8217;inaptitude au lieu des mesures de l&#8217;APEA</a><br/><a href="https://www.deinadieu.ch/fr/conseiller/quest-ce-que-lapea-peut-ou-ne-peut-pas-faire/">Qu&#8217;est-ce que l&#8217;APEA peut (ou ne peut pas) faire ?</a><br/><a href="https://www.deinadieu.ch/ratgeber/wie-wehre-ich-mich/">L&#8217;APEA – Comment et contre quoi est-ce que je me défends ?</a></p>

<div style="height:40px" aria-hidden="true" class="wp-block-spacer"></div>

<div class="wp-block-buttons is-layout-flex wp-block-buttons-is-layout-flex">
<div class="wp-block-button"><a class="wp-block-button__link wp-element-button" href="https://app.deinadieu.ch/vorsorgeauftrag">Etablir un mandat pour cause d&#8217;inaptitude en ligne</a></div>
</div>

<title>Comment neutraliser l&#039;APEA ? | DeinAdieu</title>
<meta name="description" content="Comment neutraliser l&#039;APEA ? Peut-on limiter quelque peu la liberté de décision de l&#039;APEA avec un mandat pour cause d&#039;inaptitude ?" />
<meta name="robots" content="index, follow, max-snippet:-1, max-image-preview:large, max-video-preview:-1" />
<link rel="canonical" href="https://www.deinadieu.ch/fr/faq/comment-neutraliser-lapea/" />
<meta property="og:locale" content="fr_FR" />
<meta property="og:type" content="article" />
<meta property="og:title" content="Comment neutraliser l&#039;APEA ?" />
<meta property="og:description" content="L&#039;APEA ne peut pas être écartée, pas plus que le juge. Cette possibilité n&#039;existe pas. L&#039;APEA a ses domaines de compétence. Par exemple, si une curatelle" />
<meta property="og:url" content="https://www.deinadieu.ch/fr/faq/comment-neutraliser-lapea/" />
<meta property="og:site_name" content="DeinAdieu.ch" />
<meta property="article:publisher" content="https://www.facebook.com/deinadieu" />
<meta property="article:modified_time" content="2024-06-21T08:12:23+00:00" />
<meta name="twitter:card" content="summary_large_image" />
<meta name="twitter:site" content="@DeinAdieu" />
<meta name="twitter:label1" content="Est. reading time" />
	<meta name="twitter:data1" content="1 minute" />
<script type="application/ld+json" class="yoast-schema-graph">{"@context":"https:\/\/schema.org","@graph":[{"@type":"WebPage","@id":"https:\/\/www.deinadieu.ch\/fr\/faq\/comment-neutraliser-lapea\/","url":"https:\/\/www.deinadieu.ch\/fr\/faq\/comment-neutraliser-lapea\/","name":"Comment neutraliser l'APEA ? | DeinAdieu","isPartOf":{"@id":"https:\/\/www.deinadieu.ch\/fr\/#website"},"datePublished":"2019-10-06T16:01:39+00:00","dateModified":"2024-06-21T08:12:23+00:00","description":"Comment neutraliser l'APEA ? Peut-on limiter quelque peu la liberté de décision de l'APEA avec un mandat pour cause d'inaptitude ?","breadcrumb":{"@id":"https:\/\/www.deinadieu.ch\/fr\/faq\/comment-neutraliser-lapea\/#breadcrumb"},"inLanguage":"fr-FR","potentialAction":[{"@type":"ReadAction","target":["https:\/\/www.deinadieu.ch\/fr\/faq\/comment-neutraliser-lapea\/"]}]},{"@type":"BreadcrumbList","@id":"https:\/\/www.deinadieu.ch\/fr\/faq\/comment-neutraliser-lapea\/#breadcrumb","itemListElement":[{"@type":"ListItem","position":1,"name":"Home","item":"https:\/\/www.deinadieu.ch\/fr\/deinadieu-dialog-und-serviceportal-zum-lebensende\/"},{"@type":"ListItem","position":2,"name":"FAQ's","item":"https:\/\/www.deinadieu.ch\/fr\/faq\/"},{"@type":"ListItem","position":3,"name":"Comment neutraliser l&#8217;APEA ?"}]},{"@type":"WebSite","@id":"https:\/\/www.deinadieu.ch\/fr\/#website","url":"https:\/\/www.deinadieu.ch\/fr\/","name":"DeinAdieu.ch","description":"Testament, Patientenverfügung und Vorsorgeauftrag","publisher":{"@id":"https:\/\/www.deinadieu.ch\/fr\/#organization"},"potentialAction":[{"@type":"SearchAction","target":{"@type":"EntryPoint","urlTemplate":"https:\/\/www.deinadieu.ch\/fr\/?s={search_term_string}"},"query-input":{"@type":"PropertyValueSpecification","valueRequired":true,"valueName":"search_term_string"}}],"inLanguage":"fr-FR"},{"@type":"Organization","@id":"https:\/\/www.deinadieu.ch\/fr\/#organization","name":"EMNA Web GmbH","url":"https:\/\/www.deinadieu.ch\/fr\/","logo":{"@type":"ImageObject","inLanguage":"fr-FR","@id":"https:\/\/www.deinadieu.ch\/fr\/#\/schema\/logo\/image\/","url":"https:\/\/www.deinadieu.ch\/wp-content\/uploads\/2016\/01\/DeinAdieu_Logo.png","contentUrl":"https:\/\/www.deinadieu.ch\/wp-content\/uploads\/2016\/01\/DeinAdieu_Logo.png","width":300,"height":117,"caption":"EMNA Web GmbH"},"image":{"@id":"https:\/\/www.deinadieu.ch\/fr\/#\/schema\/logo\/image\/"},"sameAs":["https:\/\/www.facebook.com\/deinadieu","https:\/\/x.com\/DeinAdieu","https:\/\/www.instagram.com\/deinadieu\/","https:\/\/www.linkedin.com\/company\/deinadieu.ch"]}]}</script>

Comment neutraliser l'APEA ? Peut-on limiter quelque peu la liberté de décision de l'APEA avec un mandat pour cause d'inaptitude ?

L'APEA ne peut pas être écartée, pas plus que le juge. Cette possibilité n'existe pas. L'APEA a ses domaines de compétence. Par exemple, si une curatelle

Testament, Patientenverfügung und Vorsorgeauftrag
